{"id":9,"date":"2014-12-12T14:57:06","date_gmt":"2014-12-12T14:57:06","guid":{"rendered":"http:\/\/dev.ec-soft.de\/lra_schultemplate\/?page_id=9"},"modified":"2024-08-18T17:51:36","modified_gmt":"2024-08-18T15:51:36","slug":"termine","status":"publish","type":"page","link":"https:\/\/www.gs-oepfershausen.de\/?page_id=9","title":{"rendered":"Hort (036940) 50112"},"content":{"rendered":"<p>&nbsp;<\/p>\n<p><a href=\"https:\/\/www.gs-oepfershausen.de\/?page_id=518\">Antrag f\u00fcr die Hortbetreuung<\/a><\/p>\n<p>&nbsp;<\/p>\n<p>Der Schulhort unserer Grundschule ist bei Bedarf t\u00e4glich bis 17.00 Uhr ge\u00f6ffnet.<\/p>\n<p>Neben freien Spielzeiten im Hortraum und auf dem Schulhof liegt der Schwerpunkt des Hortes auf der Hausaufgabenbetreuung. Diese beginnt um 14.00 Uhr und endet gegen 15.00 Uhr. Die Kinder werden dabei von unseren Erzieherinnen in zwei Gruppen betreut.<\/p>\n<p>Die Anmeldung zum Hort erfolgt \u00fcber die Schule bzw. das <a href=\"http:\/\/www.lra-sm.de\/\">Landratsamt Schmalkalden Meiningen <\/a>(Fachdienst Schulen).<\/p>\n<p>Die An- bzw. Abmeldung, sowie die \u00c4nderung der Betreuungszeit (bis 10 Stunden oder \u00fcber 10 Stunden) kann bis zum 15. des Monats f\u00fcr den Folgemonat erfolgen.<\/p>\n<p>In den Ferien wird f\u00fcr die angemeldeten Hortkinder ein <a href=\"https:\/\/www.gs-oepfershausen.de\/?page_id=457\">Ferienprogramm<\/a> angeboten.<\/p>\n\n\t\t<style type=\"text\/css\">\n\t\t\t#gallery-1 {\n\t\t\t\tmargin: auto;\n\t\t\t}\n\t\t\t#gallery-1 .gallery-item {\n\t\t\t\tfloat: left;\n\t\t\t\tmargin-top: 10px;\n\t\t\t\ttext-align: center;\n\t\t\t\twidth: 50%;\n\t\t\t}\n\t\t\t#gallery-1 img {\n\t\t\t\tborder: 2px solid #cfcfcf;\n\t\t\t}\n\t\t\t#gallery-1 .gallery-caption {\n\t\t\t\tmargin-left: 0;\n\t\t\t}\n\t\t\t\/* see gallery_shortcode() in wp-includes\/media.php *\/\n\t\t<\/style>\n\t\t<div id='gallery-1' class='gallery galleryid-9 gallery-columns-2 gallery-size-medium'><dl class='gallery-item'>\n\t\t\t<dt class='gallery-icon landscape'>\n\t\t\t\t<img loading=\"lazy\" decoding=\"async\" width=\"300\" height=\"200\" src=\"https:\/\/www.gs-oepfershausen.de\/wp-content\/uploads\/2016\/09\/IMGP0218-1024x682-300x200.jpg\" class=\"attachment-medium size-medium\" alt=\"\" aria-describedby=\"gallery-1-1032\" srcset=\"https:\/\/www.gs-oepfershausen.de\/wp-content\/uploads\/2016\/09\/IMGP0218-1024x682-300x200.jpg 300w, https:\/\/www.gs-oepfershausen.de\/wp-content\/uploads\/2016\/09\/IMGP0218-1024x682.jpg 1024w\" sizes=\"auto, (max-width: 300px) 100vw, 300px\" \/>\n\t\t\t<\/dt>\n\t\t\t\t<dd class='wp-caption-text gallery-caption' id='gallery-1-1032'>\n\t\t\t\tLegoraum\n\t\t\t\t<\/dd><\/dl><dl class='gallery-item'>\n\t\t\t<dt class='gallery-icon landscape'>\n\t\t\t\t<img loading=\"lazy\" decoding=\"async\" width=\"300\" height=\"200\" src=\"https:\/\/www.gs-oepfershausen.de\/wp-content\/uploads\/2016\/09\/IMGP0217-1024x682-300x200.jpg\" class=\"attachment-medium size-medium\" alt=\"\" aria-describedby=\"gallery-1-1031\" srcset=\"https:\/\/www.gs-oepfershausen.de\/wp-content\/uploads\/2016\/09\/IMGP0217-1024x682-300x200.jpg 300w, https:\/\/www.gs-oepfershausen.de\/wp-content\/uploads\/2016\/09\/IMGP0217-1024x682.jpg 1024w\" sizes=\"auto, (max-width: 300px) 100vw, 300px\" \/>\n\t\t\t<\/dt>\n\t\t\t\t<dd class='wp-caption-text gallery-caption' id='gallery-1-1031'>\n\t\t\t\tHortraum\n\t\t\t\t<\/dd><\/dl><br style=\"clear: both\" \/><dl class='gallery-item'>\n\t\t\t<dt class='gallery-icon landscape'>\n\t\t\t\t<img loading=\"lazy\" decoding=\"async\" width=\"300\" height=\"200\" src=\"https:\/\/www.gs-oepfershausen.de\/wp-content\/uploads\/2016\/09\/IMGP0215-1024x682-300x200.jpg\" class=\"attachment-medium size-medium\" alt=\"\" aria-describedby=\"gallery-1-1030\" srcset=\"https:\/\/www.gs-oepfershausen.de\/wp-content\/uploads\/2016\/09\/IMGP0215-1024x682-300x200.jpg 300w, https:\/\/www.gs-oepfershausen.de\/wp-content\/uploads\/2016\/09\/IMGP0215-1024x682.jpg 1024w\" sizes=\"auto, (max-width: 300px) 100vw, 300px\" \/>\n\t\t\t<\/dt>\n\t\t\t\t<dd class='wp-caption-text gallery-caption' id='gallery-1-1030'>\n\t\t\t\tSchulhof\n\t\t\t\t<\/dd><\/dl>\n\t\t\t<br style='clear: both' \/>\n\t\t<\/div>\n\n","protected":false},"excerpt":{"rendered":"<p>&nbsp; Antrag f\u00fcr die Hortbetreuung &nbsp; Der Schulhort unserer Grundschule ist bei Bedarf t\u00e4glich bis 17.00 Uhr ge\u00f6ffnet. Neben freien Spielzeiten im Hortraum und auf dem Schulhof liegt der Schwerpunkt des Hortes auf der Hausaufgabenbetreuung. Diese beginnt um 14.00 Uhr und endet gegen 15.00 Uhr. Die Kinder werden dabei von unseren Erzieherinnen in zwei Gruppen [&hellip;]<\/p>\n","protected":false},"author":7,"featured_media":0,"parent":0,"menu_order":300,"comment_status":"open","ping_status":"open","template":"","meta":{"footnotes":""},"class_list":["post-9","page","type-page","status-publish","hentry"],"yoast_head":"<!-- This site is optimized with the Yoast SEO plugin v27.4 - https:\/\/yoast.com\/product\/yoast-seo-wordpress\/ -->\n<title>Hort (036940) 50112 - Grundschule Oepfershausen<\/title>\n<meta name=\"description\" content=\"Hier finden Sie alle Termine der Regelschule Wasungen.\" \/>\n<meta name=\"robots\" content=\"index, follow, max-snippet:-1, max-image-preview:large, max-video-preview:-1\" \/>\n<link rel=\"canonical\" href=\"https:\/\/www.gs-oepfershausen.de\/?page_id=9\" \/>\n<meta property=\"og:locale\" content=\"de_DE\" \/>\n<meta property=\"og:type\" content=\"article\" \/>\n<meta property=\"og:title\" content=\"Hort (036940) 50112 - Grundschule Oepfershausen\" \/>\n<meta property=\"og:description\" content=\"Hier finden Sie alle Termine der Regelschule Wasungen.\" \/>\n<meta property=\"og:url\" content=\"https:\/\/www.gs-oepfershausen.de\/?page_id=9\" \/>\n<meta property=\"og:site_name\" content=\"Grundschule Oepfershausen\" \/>\n<meta property=\"article:modified_time\" content=\"2024-08-18T15:51:36+00:00\" \/>\n<meta property=\"og:image\" content=\"https:\/\/www.gs-oepfershausen.de\/wp-content\/uploads\/2016\/09\/IMGP0218-1024x682-300x200.jpg\" \/>\n<meta name=\"twitter:card\" content=\"summary_large_image\" \/>\n<meta name=\"twitter:label1\" content=\"Gesch\u00e4tzte Lesezeit\" \/>\n\t<meta name=\"twitter:data1\" content=\"1\u00a0Minute\" \/>\n<script type=\"application\/ld+json\" class=\"yoast-schema-graph\">{\"@context\":\"https:\\\/\\\/schema.org\",\"@graph\":[{\"@type\":\"WebPage\",\"@id\":\"https:\\\/\\\/www.gs-oepfershausen.de\\\/?page_id=9\",\"url\":\"https:\\\/\\\/www.gs-oepfershausen.de\\\/?page_id=9\",\"name\":\"Hort (036940) 50112 - Grundschule Oepfershausen\",\"isPartOf\":{\"@id\":\"https:\\\/\\\/www.gs-oepfershausen.de\\\/#website\"},\"datePublished\":\"2014-12-12T14:57:06+00:00\",\"dateModified\":\"2024-08-18T15:51:36+00:00\",\"description\":\"Hier finden Sie alle Termine der Regelschule Wasungen.\",\"breadcrumb\":{\"@id\":\"https:\\\/\\\/www.gs-oepfershausen.de\\\/?page_id=9#breadcrumb\"},\"inLanguage\":\"de\",\"potentialAction\":[{\"@type\":\"ReadAction\",\"target\":[\"https:\\\/\\\/www.gs-oepfershausen.de\\\/?page_id=9\"]}]},{\"@type\":\"BreadcrumbList\",\"@id\":\"https:\\\/\\\/www.gs-oepfershausen.de\\\/?page_id=9#breadcrumb\",\"itemListElement\":[{\"@type\":\"ListItem\",\"position\":1,\"name\":\"Home\",\"item\":\"https:\\\/\\\/www.gs-oepfershausen.de\\\/\"},{\"@type\":\"ListItem\",\"position\":2,\"name\":\"Hort (036940) 50112\"}]},{\"@type\":\"WebSite\",\"@id\":\"https:\\\/\\\/www.gs-oepfershausen.de\\\/#website\",\"url\":\"https:\\\/\\\/www.gs-oepfershausen.de\\\/\",\"name\":\"Grundschule Oepfershausen\",\"description\":\"\",\"potentialAction\":[{\"@type\":\"SearchAction\",\"target\":{\"@type\":\"EntryPoint\",\"urlTemplate\":\"https:\\\/\\\/www.gs-oepfershausen.de\\\/?s={search_term_string}\"},\"query-input\":{\"@type\":\"PropertyValueSpecification\",\"valueRequired\":true,\"valueName\":\"search_term_string\"}}],\"inLanguage\":\"de\"}]}<\/script>\n<!-- \/ Yoast SEO plugin. -->","yoast_head_json":{"title":"Hort (036940) 50112 - Grundschule Oepfershausen","description":"Hier finden Sie alle Termine der Regelschule Wasungen.","robots":{"index":"index","follow":"follow","max-snippet":"max-snippet:-1","max-image-preview":"max-image-preview:large","max-video-preview":"max-video-preview:-1"},"canonical":"https:\/\/www.gs-oepfershausen.de\/?page_id=9","og_locale":"de_DE","og_type":"article","og_title":"Hort (036940) 50112 - Grundschule Oepfershausen","og_description":"Hier finden Sie alle Termine der Regelschule Wasungen.","og_url":"https:\/\/www.gs-oepfershausen.de\/?page_id=9","og_site_name":"Grundschule Oepfershausen","article_modified_time":"2024-08-18T15:51:36+00:00","og_image":[{"url":"https:\/\/www.gs-oepfershausen.de\/wp-content\/uploads\/2016\/09\/IMGP0218-1024x682-300x200.jpg","type":"","width":"","height":""}],"twitter_card":"summary_large_image","twitter_misc":{"Gesch\u00e4tzte Lesezeit":"1\u00a0Minute"},"schema":{"@context":"https:\/\/schema.org","@graph":[{"@type":"WebPage","@id":"https:\/\/www.gs-oepfershausen.de\/?page_id=9","url":"https:\/\/www.gs-oepfershausen.de\/?page_id=9","name":"Hort (036940) 50112 - Grundschule Oepfershausen","isPartOf":{"@id":"https:\/\/www.gs-oepfershausen.de\/#website"},"datePublished":"2014-12-12T14:57:06+00:00","dateModified":"2024-08-18T15:51:36+00:00","description":"Hier finden Sie alle Termine der Regelschule Wasungen.","breadcrumb":{"@id":"https:\/\/www.gs-oepfershausen.de\/?page_id=9#breadcrumb"},"inLanguage":"de","potentialAction":[{"@type":"ReadAction","target":["https:\/\/www.gs-oepfershausen.de\/?page_id=9"]}]},{"@type":"BreadcrumbList","@id":"https:\/\/www.gs-oepfershausen.de\/?page_id=9#breadcrumb","itemListElement":[{"@type":"ListItem","position":1,"name":"Home","item":"https:\/\/www.gs-oepfershausen.de\/"},{"@type":"ListItem","position":2,"name":"Hort (036940) 50112"}]},{"@type":"WebSite","@id":"https:\/\/www.gs-oepfershausen.de\/#website","url":"https:\/\/www.gs-oepfershausen.de\/","name":"Grundschule Oepfershausen","description":"","potentialAction":[{"@type":"SearchAction","target":{"@type":"EntryPoint","urlTemplate":"https:\/\/www.gs-oepfershausen.de\/?s={search_term_string}"},"query-input":{"@type":"PropertyValueSpecification","valueRequired":true,"valueName":"search_term_string"}}],"inLanguage":"de"}]}},"_links":{"self":[{"href":"https:\/\/www.gs-oepfershausen.de\/index.php?rest_route=\/wp\/v2\/pages\/9","targetHints":{"allow":["GET"]}}],"collection":[{"href":"https:\/\/www.gs-oepfershausen.de\/index.php?rest_route=\/wp\/v2\/pages"}],"about":[{"href":"https:\/\/www.gs-oepfershausen.de\/index.php?rest_route=\/wp\/v2\/types\/page"}],"author":[{"embeddable":true,"href":"https:\/\/www.gs-oepfershausen.de\/index.php?rest_route=\/wp\/v2\/users\/7"}],"replies":[{"embeddable":true,"href":"https:\/\/www.gs-oepfershausen.de\/index.php?rest_route=%2Fwp%2Fv2%2Fcomments&post=9"}],"version-history":[{"count":23,"href":"https:\/\/www.gs-oepfershausen.de\/index.php?rest_route=\/wp\/v2\/pages\/9\/revisions"}],"predecessor-version":[{"id":10002,"href":"https:\/\/www.gs-oepfershausen.de\/index.php?rest_route=\/wp\/v2\/pages\/9\/revisions\/10002"}],"wp:attachment":[{"href":"https:\/\/www.gs-oepfershausen.de\/index.php?rest_route=%2Fwp%2Fv2%2Fmedia&parent=9"}],"curies":[{"name":"wp","href":"https:\/\/api.w.org\/{rel}","templated":true}]}}