{"id":6460,"date":"2021-08-26T10:33:15","date_gmt":"2021-08-26T08:33:15","guid":{"rendered":"https:\/\/www.gs-oepfershausen.de\/?page_id=6460"},"modified":"2021-08-26T10:39:37","modified_gmt":"2021-08-26T08:39:37","slug":"schuljahr-2015-16","status":"publish","type":"page","link":"https:\/\/www.gs-oepfershausen.de\/?page_id=6460","title":{"rendered":"Schuljahr 2015 \/ 16"},"content":{"rendered":"<h3><strong>Sportfest und Spendenlauf am 21. Juni 2016<\/strong><\/h3>\n<p>Nach den unsicheren Wetterprognosen konnten am 21. Juni bei gutem Sportfestwetter auf dem Sportplatz \u201eZur Blumenburg\u201c die Bundesjugendspiele und der Spendenlauf stattfinden.<\/p>\n<p>Gut gelaunt starteten unsere Sch\u00fclerinnen und Sch\u00fcler mit der Erw\u00e4rmung und gaben in den Disziplinen Weitwurf und Sprint ihr Bestes. Die Ergebnisse f\u00fcr Weit- bzw. Hochsprung und den Ausdauerlauf wurden w\u00e4hrend der Sportstunden ermittelt.<\/p>\n<p>Zum Spendenlauf fanden sich wieder zahlreiche G\u00e4ste ein, darunter auch die neuen Schulanf\u00e4nger des Kindergartens in Oepfershausen. So waren die Bratw\u00fcrste am Ende ausverkauft und f\u00fcr das geplante Spielfeld hinter dem Schulgeb\u00e4ude wurde ein beachtlicher Betrag von 1735 Euro erlaufen.<\/p>\n<p>Herzlichen Dank an alle L\u00e4ufer und Sponsoren!<\/p>\n<div id=\"gallery-14\" class=\"gallery galleryid-450 gallery-columns-3 gallery-size-thumbnail\">\n<dl class=\"gallery-item\">\n<dt class=\"gallery-icon landscape\"><a href=\"https:\/\/www.gs-oepfershausen.de\/wp-content\/uploads\/2016\/02\/IMGP0137-1024x682-150x150.jpg\" data-rel=\"lightbox-gallery-fvsRbLAT\" data-rl_title=\"PENTAX DIGITAL CAMERA\" data-rl_caption=\"\" title=\"PENTAX DIGITAL CAMERA\"><img loading=\"lazy\" decoding=\"async\" class=\"attachment-thumbnail alignnone\" src=\"https:\/\/www.gs-oepfershausen.de\/wp-content\/uploads\/2016\/02\/IMGP0137-1024x682-150x150.jpg\" alt=\"\" width=\"150\" height=\"150\" aria-describedby=\"gallery-14-957\" \/><\/a><\/dt>\n<dd id=\"gallery-14-957\" class=\"wp-caption-text gallery-caption\">Erw\u00e4rmung<\/dd>\n<\/dl>\n<dl class=\"gallery-item\">\n<dt class=\"gallery-icon landscape\"><a href=\"https:\/\/www.gs-oepfershausen.de\/wp-content\/uploads\/2016\/02\/IMGP0151-1024x682-150x150.jpg\" data-rel=\"lightbox-gallery-fvsRbLAT\" data-rl_title=\"PENTAX DIGITAL CAMERA\" data-rl_caption=\"\" title=\"PENTAX DIGITAL CAMERA\"><img loading=\"lazy\" decoding=\"async\" class=\"attachment-thumbnail alignnone\" src=\"https:\/\/www.gs-oepfershausen.de\/wp-content\/uploads\/2016\/02\/IMGP0151-1024x682-150x150.jpg\" alt=\"\" width=\"150\" height=\"150\" aria-describedby=\"gallery-14-958\" \/><\/a><\/dt>\n<dd id=\"gallery-14-958\" class=\"wp-caption-text gallery-caption\">Spendenlauf<\/dd>\n<\/dl>\n<\/div>\n<p>&nbsp;<\/p>\n<div class=\"entry\"><\/div>\n","protected":false},"excerpt":{"rendered":"<p>Sportfest und Spendenlauf am 21. Juni 2016 Nach den unsicheren Wetterprognosen konnten am 21. Juni bei gutem Sportfestwetter auf dem Sportplatz \u201eZur Blumenburg\u201c die Bundesjugendspiele und der Spendenlauf stattfinden. Gut gelaunt starteten unsere Sch\u00fclerinnen und Sch\u00fcler mit der Erw\u00e4rmung und gaben in den Disziplinen Weitwurf und Sprint ihr Bestes. Die Ergebnisse f\u00fcr Weit- bzw. Hochsprung [&hellip;]<\/p>\n","protected":false},"author":7,"featured_media":0,"parent":1006,"menu_order":191,"comment_status":"closed","ping_status":"closed","template":"","meta":{"footnotes":""},"class_list":["post-6460","page","type-page","status-publish","hentry"],"yoast_head":"<!-- This site is optimized with the Yoast SEO plugin v27.6 - https:\/\/yoast.com\/product\/yoast-seo-wordpress\/ -->\n<title>Schuljahr 2015 \/ 16 - Grundschule Oepfershausen<\/title>\n<meta name=\"robots\" content=\"index, follow, max-snippet:-1, max-image-preview:large, max-video-preview:-1\" \/>\n<link rel=\"canonical\" href=\"https:\/\/www.gs-oepfershausen.de\/?page_id=6460\" \/>\n<meta property=\"og:locale\" content=\"de_DE\" \/>\n<meta property=\"og:type\" content=\"article\" \/>\n<meta property=\"og:title\" content=\"Schuljahr 2015 \/ 16 - Grundschule Oepfershausen\" \/>\n<meta property=\"og:description\" content=\"Sportfest und Spendenlauf am 21. Juni 2016 Nach den unsicheren Wetterprognosen konnten am 21. Juni bei gutem Sportfestwetter auf dem Sportplatz \u201eZur Blumenburg\u201c die Bundesjugendspiele und der Spendenlauf stattfinden. Gut gelaunt starteten unsere Sch\u00fclerinnen und Sch\u00fcler mit der Erw\u00e4rmung und gaben in den Disziplinen Weitwurf und Sprint ihr Bestes. Die Ergebnisse f\u00fcr Weit- bzw. Hochsprung [&hellip;]\" \/>\n<meta property=\"og:url\" content=\"https:\/\/www.gs-oepfershausen.de\/?page_id=6460\" \/>\n<meta property=\"og:site_name\" content=\"Grundschule Oepfershausen\" \/>\n<meta property=\"article:modified_time\" content=\"2021-08-26T08:39:37+00:00\" \/>\n<meta property=\"og:image\" content=\"https:\/\/www.gs-oepfershausen.de\/wp-content\/uploads\/2016\/02\/IMGP0137-1024x682-150x150.jpg\" \/>\n<meta name=\"twitter:card\" content=\"summary_large_image\" \/>\n<meta name=\"twitter:label1\" content=\"Gesch\u00e4tzte Lesezeit\" \/>\n\t<meta name=\"twitter:data1\" content=\"1\u00a0Minute\" \/>\n<script type=\"application\/ld+json\" class=\"yoast-schema-graph\">{\"@context\":\"https:\\\/\\\/schema.org\",\"@graph\":[{\"@type\":\"WebPage\",\"@id\":\"https:\\\/\\\/www.gs-oepfershausen.de\\\/?page_id=6460\",\"url\":\"https:\\\/\\\/www.gs-oepfershausen.de\\\/?page_id=6460\",\"name\":\"Schuljahr 2015 \\\/ 16 - Grundschule Oepfershausen\",\"isPartOf\":{\"@id\":\"https:\\\/\\\/www.gs-oepfershausen.de\\\/#website\"},\"primaryImageOfPage\":{\"@id\":\"https:\\\/\\\/www.gs-oepfershausen.de\\\/?page_id=6460#primaryimage\"},\"image\":{\"@id\":\"https:\\\/\\\/www.gs-oepfershausen.de\\\/?page_id=6460#primaryimage\"},\"thumbnailUrl\":\"https:\\\/\\\/www.gs-oepfershausen.de\\\/wp-content\\\/uploads\\\/2016\\\/02\\\/IMGP0137-1024x682-150x150.jpg\",\"datePublished\":\"2021-08-26T08:33:15+00:00\",\"dateModified\":\"2021-08-26T08:39:37+00:00\",\"breadcrumb\":{\"@id\":\"https:\\\/\\\/www.gs-oepfershausen.de\\\/?page_id=6460#breadcrumb\"},\"inLanguage\":\"de\",\"potentialAction\":[{\"@type\":\"ReadAction\",\"target\":[\"https:\\\/\\\/www.gs-oepfershausen.de\\\/?page_id=6460\"]}]},{\"@type\":\"ImageObject\",\"inLanguage\":\"de\",\"@id\":\"https:\\\/\\\/www.gs-oepfershausen.de\\\/?page_id=6460#primaryimage\",\"url\":\"https:\\\/\\\/www.gs-oepfershausen.de\\\/wp-content\\\/uploads\\\/2016\\\/02\\\/IMGP0137-1024x682.jpg\",\"contentUrl\":\"https:\\\/\\\/www.gs-oepfershausen.de\\\/wp-content\\\/uploads\\\/2016\\\/02\\\/IMGP0137-1024x682.jpg\",\"width\":1024,\"height\":682,\"caption\":\"Erw\u00e4rmung\"},{\"@type\":\"BreadcrumbList\",\"@id\":\"https:\\\/\\\/www.gs-oepfershausen.de\\\/?page_id=6460#breadcrumb\",\"itemListElement\":[{\"@type\":\"ListItem\",\"position\":1,\"name\":\"Home\",\"item\":\"https:\\\/\\\/www.gs-oepfershausen.de\\\/\"},{\"@type\":\"ListItem\",\"position\":2,\"name\":\"Schulleben\",\"item\":\"https:\\\/\\\/www.gs-oepfershausen.de\\\/?page_id=235\"},{\"@type\":\"ListItem\",\"position\":3,\"name\":\"H\u00f6hepunkte aus den vergangenen Jahren!\",\"item\":\"https:\\\/\\\/www.gs-oepfershausen.de\\\/?page_id=1006\"},{\"@type\":\"ListItem\",\"position\":4,\"name\":\"Schuljahr 2015 \\\/ 16\"}]},{\"@type\":\"WebSite\",\"@id\":\"https:\\\/\\\/www.gs-oepfershausen.de\\\/#website\",\"url\":\"https:\\\/\\\/www.gs-oepfershausen.de\\\/\",\"name\":\"Grundschule Oepfershausen\",\"description\":\"\",\"potentialAction\":[{\"@type\":\"SearchAction\",\"target\":{\"@type\":\"EntryPoint\",\"urlTemplate\":\"https:\\\/\\\/www.gs-oepfershausen.de\\\/?s={search_term_string}\"},\"query-input\":{\"@type\":\"PropertyValueSpecification\",\"valueRequired\":true,\"valueName\":\"search_term_string\"}}],\"inLanguage\":\"de\"}]}<\/script>\n<!-- \/ Yoast SEO plugin. -->","yoast_head_json":{"title":"Schuljahr 2015 \/ 16 - Grundschule Oepfershausen","robots":{"index":"index","follow":"follow","max-snippet":"max-snippet:-1","max-image-preview":"max-image-preview:large","max-video-preview":"max-video-preview:-1"},"canonical":"https:\/\/www.gs-oepfershausen.de\/?page_id=6460","og_locale":"de_DE","og_type":"article","og_title":"Schuljahr 2015 \/ 16 - Grundschule Oepfershausen","og_description":"Sportfest und Spendenlauf am 21. Juni 2016 Nach den unsicheren Wetterprognosen konnten am 21. Juni bei gutem Sportfestwetter auf dem Sportplatz \u201eZur Blumenburg\u201c die Bundesjugendspiele und der Spendenlauf stattfinden. Gut gelaunt starteten unsere Sch\u00fclerinnen und Sch\u00fcler mit der Erw\u00e4rmung und gaben in den Disziplinen Weitwurf und Sprint ihr Bestes. Die Ergebnisse f\u00fcr Weit- bzw. Hochsprung [&hellip;]","og_url":"https:\/\/www.gs-oepfershausen.de\/?page_id=6460","og_site_name":"Grundschule Oepfershausen","article_modified_time":"2021-08-26T08:39:37+00:00","og_image":[{"url":"https:\/\/www.gs-oepfershausen.de\/wp-content\/uploads\/2016\/02\/IMGP0137-1024x682-150x150.jpg","type":"","width":"","height":""}],"twitter_card":"summary_large_image","twitter_misc":{"Gesch\u00e4tzte Lesezeit":"1\u00a0Minute"},"schema":{"@context":"https:\/\/schema.org","@graph":[{"@type":"WebPage","@id":"https:\/\/www.gs-oepfershausen.de\/?page_id=6460","url":"https:\/\/www.gs-oepfershausen.de\/?page_id=6460","name":"Schuljahr 2015 \/ 16 - Grundschule Oepfershausen","isPartOf":{"@id":"https:\/\/www.gs-oepfershausen.de\/#website"},"primaryImageOfPage":{"@id":"https:\/\/www.gs-oepfershausen.de\/?page_id=6460#primaryimage"},"image":{"@id":"https:\/\/www.gs-oepfershausen.de\/?page_id=6460#primaryimage"},"thumbnailUrl":"https:\/\/www.gs-oepfershausen.de\/wp-content\/uploads\/2016\/02\/IMGP0137-1024x682-150x150.jpg","datePublished":"2021-08-26T08:33:15+00:00","dateModified":"2021-08-26T08:39:37+00:00","breadcrumb":{"@id":"https:\/\/www.gs-oepfershausen.de\/?page_id=6460#breadcrumb"},"inLanguage":"de","potentialAction":[{"@type":"ReadAction","target":["https:\/\/www.gs-oepfershausen.de\/?page_id=6460"]}]},{"@type":"ImageObject","inLanguage":"de","@id":"https:\/\/www.gs-oepfershausen.de\/?page_id=6460#primaryimage","url":"https:\/\/www.gs-oepfershausen.de\/wp-content\/uploads\/2016\/02\/IMGP0137-1024x682.jpg","contentUrl":"https:\/\/www.gs-oepfershausen.de\/wp-content\/uploads\/2016\/02\/IMGP0137-1024x682.jpg","width":1024,"height":682,"caption":"Erw\u00e4rmung"},{"@type":"BreadcrumbList","@id":"https:\/\/www.gs-oepfershausen.de\/?page_id=6460#breadcrumb","itemListElement":[{"@type":"ListItem","position":1,"name":"Home","item":"https:\/\/www.gs-oepfershausen.de\/"},{"@type":"ListItem","position":2,"name":"Schulleben","item":"https:\/\/www.gs-oepfershausen.de\/?page_id=235"},{"@type":"ListItem","position":3,"name":"H\u00f6hepunkte aus den vergangenen Jahren!","item":"https:\/\/www.gs-oepfershausen.de\/?page_id=1006"},{"@type":"ListItem","position":4,"name":"Schuljahr 2015 \/ 16"}]},{"@type":"WebSite","@id":"https:\/\/www.gs-oepfershausen.de\/#website","url":"https:\/\/www.gs-oepfershausen.de\/","name":"Grundschule Oepfershausen","description":"","potentialAction":[{"@type":"SearchAction","target":{"@type":"EntryPoint","urlTemplate":"https:\/\/www.gs-oepfershausen.de\/?s={search_term_string}"},"query-input":{"@type":"PropertyValueSpecification","valueRequired":true,"valueName":"search_term_string"}}],"inLanguage":"de"}]}},"_links":{"self":[{"href":"https:\/\/www.gs-oepfershausen.de\/index.php?rest_route=\/wp\/v2\/pages\/6460","targetHints":{"allow":["GET"]}}],"collection":[{"href":"https:\/\/www.gs-oepfershausen.de\/index.php?rest_route=\/wp\/v2\/pages"}],"about":[{"href":"https:\/\/www.gs-oepfershausen.de\/index.php?rest_route=\/wp\/v2\/types\/page"}],"author":[{"embeddable":true,"href":"https:\/\/www.gs-oepfershausen.de\/index.php?rest_route=\/wp\/v2\/users\/7"}],"replies":[{"embeddable":true,"href":"https:\/\/www.gs-oepfershausen.de\/index.php?rest_route=%2Fwp%2Fv2%2Fcomments&post=6460"}],"version-history":[{"count":5,"href":"https:\/\/www.gs-oepfershausen.de\/index.php?rest_route=\/wp\/v2\/pages\/6460\/revisions"}],"predecessor-version":[{"id":6467,"href":"https:\/\/www.gs-oepfershausen.de\/index.php?rest_route=\/wp\/v2\/pages\/6460\/revisions\/6467"}],"up":[{"embeddable":true,"href":"https:\/\/www.gs-oepfershausen.de\/index.php?rest_route=\/wp\/v2\/pages\/1006"}],"wp:attachment":[{"href":"https:\/\/www.gs-oepfershausen.de\/index.php?rest_route=%2Fwp%2Fv2%2Fmedia&parent=6460"}],"curies":[{"name":"wp","href":"https:\/\/api.w.org\/{rel}","templated":true}]}}