{"id":527,"date":"2016-03-02T12:22:36","date_gmt":"2016-03-02T12:22:36","guid":{"rendered":"http:\/\/www.gs-oepfershausen.de\/?page_id=527"},"modified":"2025-01-29T14:32:38","modified_gmt":"2025-01-29T12:32:38","slug":"vorstand","status":"publish","type":"page","link":"https:\/\/www.gs-oepfershausen.de\/?page_id=527","title":{"rendered":"Vorstand"},"content":{"rendered":"<h4><span style=\"color: #808080;\">Gew\u00e4hlt zu Beginn des Schuljahres 2024 \/ 25<\/span><\/h4>\n<p><a href=\"https:\/\/www.gs-oepfershausen.de\/wp-content\/uploads\/2024\/12\/IMG-20241211-WA00011.jpg\" data-rel=\"lightbox-gallery-zvLVhisG\" data-rl_title=\"IMG-20241211-WA0001[1]\" data-rl_caption=\"\" title=\"IMG-20241211-WA0001[1]\"><img loading=\"lazy\" decoding=\"async\" class=\"alignnone size-medium wp-image-10457\" src=\"https:\/\/www.gs-oepfershausen.de\/wp-content\/uploads\/2024\/12\/IMG-20241211-WA00011-300x225.jpg\" alt=\"\" width=\"300\" height=\"225\" srcset=\"https:\/\/www.gs-oepfershausen.de\/wp-content\/uploads\/2024\/12\/IMG-20241211-WA00011-300x225.jpg 300w, https:\/\/www.gs-oepfershausen.de\/wp-content\/uploads\/2024\/12\/IMG-20241211-WA00011-1024x767.jpg 1024w, https:\/\/www.gs-oepfershausen.de\/wp-content\/uploads\/2024\/12\/IMG-20241211-WA00011-1536x1151.jpg 1536w, https:\/\/www.gs-oepfershausen.de\/wp-content\/uploads\/2024\/12\/IMG-20241211-WA00011.jpg 1600w\" sizes=\"auto, (max-width: 300px) 100vw, 300px\" \/><\/a><\/p>\n<p style=\"font-weight: 400;\">Patrick Schantora (Vorsitzender), Franziska Wohl (Beisitzerin), Julia Vonderlind (stell. Vorsitzende &#8211; Schriftf\u00fchrerin), Stefanie K\u00fcmpel (Beisitzerin), Wenke Roth (Beisitzerin), Stefan T\u00fcrk (stell. Vorsitzender &#8211; Kassenwart)<\/p>\n<p>von links nach rechts<\/p>\n<hr \/>\n<p>&nbsp;<\/p>\n<h4><span style=\"color: #808080;\">Aktiv bis zur Wahl des neuen Vorstandes im Herbst 2024<\/span><\/h4>\n\n<table id=\"tablepress-11\" class=\"tablepress tablepress-id-11\">\n<thead>\n<tr class=\"row-1\">\n\t<th class=\"column-1\">Vorstand des F\u00f6rdervereins<\/th><td class=\"column-2\"><\/td>\n<\/tr>\n<\/thead>\n<tbody class=\"row-striping row-hover\">\n<tr class=\"row-2\">\n\t<td class=\"column-1\">Patrick Schantora<\/td><td class=\"column-2\">1. Vorsitzender<\/td>\n<\/tr>\n<tr class=\"row-3\">\n\t<td class=\"column-1\">Bernd Vonderlind<\/td><td class=\"column-2\">2. Vorsitzender<\/td>\n<\/tr>\n<tr class=\"row-4\">\n\t<td class=\"column-1\">Mandy Roth<\/td><td class=\"column-2\">Schriftf\u00fchrerin<\/td>\n<\/tr>\n<tr class=\"row-5\">\n\t<td class=\"column-1\">Stefan T\u00fcrk<\/td><td class=\"column-2\">Kassierer<\/td>\n<\/tr>\n<tr class=\"row-6\">\n\t<td class=\"column-1\">Stefanie K\u00fcmpel<\/td><td class=\"column-2\">Beisitzer<\/td>\n<\/tr>\n<tr class=\"row-7\">\n\t<td class=\"column-1\">Wenke Roth<\/td><td class=\"column-2\">Beisitzer<\/td>\n<\/tr>\n<\/tbody>\n<\/table>\n<!-- #tablepress-11 from cache -->\n<p>&nbsp;<\/p>\n<p><img loading=\"lazy\" decoding=\"async\" class=\"alignnone size-medium wp-image-6581\" src=\"https:\/\/www.gs-oepfershausen.de\/wp-content\/uploads\/2021\/09\/Vorstand-VV-225x300.jpg\" alt=\"\" width=\"225\" height=\"300\" srcset=\"https:\/\/www.gs-oepfershausen.de\/wp-content\/uploads\/2021\/09\/Vorstand-VV-225x300.jpg 225w, https:\/\/www.gs-oepfershausen.de\/wp-content\/uploads\/2021\/09\/Vorstand-VV-768x1024.jpg 768w, https:\/\/www.gs-oepfershausen.de\/wp-content\/uploads\/2021\/09\/Vorstand-VV-1153x1536.jpg 1153w, https:\/\/www.gs-oepfershausen.de\/wp-content\/uploads\/2021\/09\/Vorstand-VV.jpg 1200w\" sizes=\"auto, (max-width: 225px) 100vw, 225px\" \/><\/p>\n","protected":false},"excerpt":{"rendered":"<p>Gew\u00e4hlt zu Beginn des Schuljahres 2024 \/ 25 Patrick Schantora (Vorsitzender), Franziska Wohl (Beisitzerin), Julia Vonderlind (stell. Vorsitzende &#8211; Schriftf\u00fchrerin), Stefanie K\u00fcmpel (Beisitzerin), Wenke Roth (Beisitzerin), Stefan T\u00fcrk (stell. Vorsitzender &#8211; Kassenwart) von links nach rechts &nbsp; Aktiv bis zur Wahl des neuen Vorstandes im Herbst 2024 &nbsp;<\/p>\n","protected":false},"author":7,"featured_media":0,"parent":525,"menu_order":360,"comment_status":"closed","ping_status":"closed","template":"","meta":{"footnotes":""},"class_list":["post-527","page","type-page","status-publish","hentry"],"yoast_head":"<!-- This site is optimized with the Yoast SEO plugin v27.5 - https:\/\/yoast.com\/product\/yoast-seo-wordpress\/ -->\n<title>Vorstand - Grundschule Oepfershausen<\/title>\n<meta name=\"robots\" content=\"index, follow, max-snippet:-1, max-image-preview:large, max-video-preview:-1\" \/>\n<link rel=\"canonical\" href=\"https:\/\/www.gs-oepfershausen.de\/?page_id=527\" \/>\n<meta property=\"og:locale\" content=\"de_DE\" \/>\n<meta property=\"og:type\" content=\"article\" \/>\n<meta property=\"og:title\" content=\"Vorstand - Grundschule Oepfershausen\" \/>\n<meta property=\"og:description\" content=\"Gew\u00e4hlt zu Beginn des Schuljahres 2024 \/ 25 Patrick Schantora (Vorsitzender), Franziska Wohl (Beisitzerin), Julia Vonderlind (stell. Vorsitzende &#8211; Schriftf\u00fchrerin), Stefanie K\u00fcmpel (Beisitzerin), Wenke Roth (Beisitzerin), Stefan T\u00fcrk (stell. Vorsitzender &#8211; Kassenwart) von links nach rechts &nbsp; Aktiv bis zur Wahl des neuen Vorstandes im Herbst 2024 &nbsp;\" \/>\n<meta property=\"og:url\" content=\"https:\/\/www.gs-oepfershausen.de\/?page_id=527\" \/>\n<meta property=\"og:site_name\" content=\"Grundschule Oepfershausen\" \/>\n<meta property=\"article:modified_time\" content=\"2025-01-29T12:32:38+00:00\" \/>\n<meta property=\"og:image\" content=\"https:\/\/www.gs-oepfershausen.de\/wp-content\/uploads\/2024\/12\/IMG-20241211-WA00011-300x225.jpg\" \/>\n<meta name=\"twitter:card\" content=\"summary_large_image\" \/>\n<meta name=\"twitter:label1\" content=\"Gesch\u00e4tzte Lesezeit\" \/>\n\t<meta name=\"twitter:data1\" content=\"1\u00a0Minute\" \/>\n<script type=\"application\/ld+json\" class=\"yoast-schema-graph\">{\"@context\":\"https:\\\/\\\/schema.org\",\"@graph\":[{\"@type\":\"WebPage\",\"@id\":\"https:\\\/\\\/www.gs-oepfershausen.de\\\/?page_id=527\",\"url\":\"https:\\\/\\\/www.gs-oepfershausen.de\\\/?page_id=527\",\"name\":\"Vorstand - Grundschule Oepfershausen\",\"isPartOf\":{\"@id\":\"https:\\\/\\\/www.gs-oepfershausen.de\\\/#website\"},\"primaryImageOfPage\":{\"@id\":\"https:\\\/\\\/www.gs-oepfershausen.de\\\/?page_id=527#primaryimage\"},\"image\":{\"@id\":\"https:\\\/\\\/www.gs-oepfershausen.de\\\/?page_id=527#primaryimage\"},\"thumbnailUrl\":\"https:\\\/\\\/www.gs-oepfershausen.de\\\/wp-content\\\/uploads\\\/2024\\\/12\\\/IMG-20241211-WA00011-300x225.jpg\",\"datePublished\":\"2016-03-02T12:22:36+00:00\",\"dateModified\":\"2025-01-29T12:32:38+00:00\",\"breadcrumb\":{\"@id\":\"https:\\\/\\\/www.gs-oepfershausen.de\\\/?page_id=527#breadcrumb\"},\"inLanguage\":\"de\",\"potentialAction\":[{\"@type\":\"ReadAction\",\"target\":[\"https:\\\/\\\/www.gs-oepfershausen.de\\\/?page_id=527\"]}]},{\"@type\":\"ImageObject\",\"inLanguage\":\"de\",\"@id\":\"https:\\\/\\\/www.gs-oepfershausen.de\\\/?page_id=527#primaryimage\",\"url\":\"https:\\\/\\\/www.gs-oepfershausen.de\\\/wp-content\\\/uploads\\\/2024\\\/12\\\/IMG-20241211-WA00011.jpg\",\"contentUrl\":\"https:\\\/\\\/www.gs-oepfershausen.de\\\/wp-content\\\/uploads\\\/2024\\\/12\\\/IMG-20241211-WA00011.jpg\",\"width\":1600,\"height\":1199},{\"@type\":\"BreadcrumbList\",\"@id\":\"https:\\\/\\\/www.gs-oepfershausen.de\\\/?page_id=527#breadcrumb\",\"itemListElement\":[{\"@type\":\"ListItem\",\"position\":1,\"name\":\"Home\",\"item\":\"https:\\\/\\\/www.gs-oepfershausen.de\\\/\"},{\"@type\":\"ListItem\",\"position\":2,\"name\":\"F\u00f6rderverein\",\"item\":\"https:\\\/\\\/www.gs-oepfershausen.de\\\/?page_id=525\"},{\"@type\":\"ListItem\",\"position\":3,\"name\":\"Vorstand\"}]},{\"@type\":\"WebSite\",\"@id\":\"https:\\\/\\\/www.gs-oepfershausen.de\\\/#website\",\"url\":\"https:\\\/\\\/www.gs-oepfershausen.de\\\/\",\"name\":\"Grundschule Oepfershausen\",\"description\":\"\",\"potentialAction\":[{\"@type\":\"SearchAction\",\"target\":{\"@type\":\"EntryPoint\",\"urlTemplate\":\"https:\\\/\\\/www.gs-oepfershausen.de\\\/?s={search_term_string}\"},\"query-input\":{\"@type\":\"PropertyValueSpecification\",\"valueRequired\":true,\"valueName\":\"search_term_string\"}}],\"inLanguage\":\"de\"}]}<\/script>\n<!-- \/ Yoast SEO plugin. -->","yoast_head_json":{"title":"Vorstand - Grundschule Oepfershausen","robots":{"index":"index","follow":"follow","max-snippet":"max-snippet:-1","max-image-preview":"max-image-preview:large","max-video-preview":"max-video-preview:-1"},"canonical":"https:\/\/www.gs-oepfershausen.de\/?page_id=527","og_locale":"de_DE","og_type":"article","og_title":"Vorstand - Grundschule Oepfershausen","og_description":"Gew\u00e4hlt zu Beginn des Schuljahres 2024 \/ 25 Patrick Schantora (Vorsitzender), Franziska Wohl (Beisitzerin), Julia Vonderlind (stell. Vorsitzende &#8211; Schriftf\u00fchrerin), Stefanie K\u00fcmpel (Beisitzerin), Wenke Roth (Beisitzerin), Stefan T\u00fcrk (stell. Vorsitzender &#8211; Kassenwart) von links nach rechts &nbsp; Aktiv bis zur Wahl des neuen Vorstandes im Herbst 2024 &nbsp;","og_url":"https:\/\/www.gs-oepfershausen.de\/?page_id=527","og_site_name":"Grundschule Oepfershausen","article_modified_time":"2025-01-29T12:32:38+00:00","og_image":[{"url":"https:\/\/www.gs-oepfershausen.de\/wp-content\/uploads\/2024\/12\/IMG-20241211-WA00011-300x225.jpg","type":"","width":"","height":""}],"twitter_card":"summary_large_image","twitter_misc":{"Gesch\u00e4tzte Lesezeit":"1\u00a0Minute"},"schema":{"@context":"https:\/\/schema.org","@graph":[{"@type":"WebPage","@id":"https:\/\/www.gs-oepfershausen.de\/?page_id=527","url":"https:\/\/www.gs-oepfershausen.de\/?page_id=527","name":"Vorstand - Grundschule Oepfershausen","isPartOf":{"@id":"https:\/\/www.gs-oepfershausen.de\/#website"},"primaryImageOfPage":{"@id":"https:\/\/www.gs-oepfershausen.de\/?page_id=527#primaryimage"},"image":{"@id":"https:\/\/www.gs-oepfershausen.de\/?page_id=527#primaryimage"},"thumbnailUrl":"https:\/\/www.gs-oepfershausen.de\/wp-content\/uploads\/2024\/12\/IMG-20241211-WA00011-300x225.jpg","datePublished":"2016-03-02T12:22:36+00:00","dateModified":"2025-01-29T12:32:38+00:00","breadcrumb":{"@id":"https:\/\/www.gs-oepfershausen.de\/?page_id=527#breadcrumb"},"inLanguage":"de","potentialAction":[{"@type":"ReadAction","target":["https:\/\/www.gs-oepfershausen.de\/?page_id=527"]}]},{"@type":"ImageObject","inLanguage":"de","@id":"https:\/\/www.gs-oepfershausen.de\/?page_id=527#primaryimage","url":"https:\/\/www.gs-oepfershausen.de\/wp-content\/uploads\/2024\/12\/IMG-20241211-WA00011.jpg","contentUrl":"https:\/\/www.gs-oepfershausen.de\/wp-content\/uploads\/2024\/12\/IMG-20241211-WA00011.jpg","width":1600,"height":1199},{"@type":"BreadcrumbList","@id":"https:\/\/www.gs-oepfershausen.de\/?page_id=527#breadcrumb","itemListElement":[{"@type":"ListItem","position":1,"name":"Home","item":"https:\/\/www.gs-oepfershausen.de\/"},{"@type":"ListItem","position":2,"name":"F\u00f6rderverein","item":"https:\/\/www.gs-oepfershausen.de\/?page_id=525"},{"@type":"ListItem","position":3,"name":"Vorstand"}]},{"@type":"WebSite","@id":"https:\/\/www.gs-oepfershausen.de\/#website","url":"https:\/\/www.gs-oepfershausen.de\/","name":"Grundschule Oepfershausen","description":"","potentialAction":[{"@type":"SearchAction","target":{"@type":"EntryPoint","urlTemplate":"https:\/\/www.gs-oepfershausen.de\/?s={search_term_string}"},"query-input":{"@type":"PropertyValueSpecification","valueRequired":true,"valueName":"search_term_string"}}],"inLanguage":"de"}]}},"_links":{"self":[{"href":"https:\/\/www.gs-oepfershausen.de\/index.php?rest_route=\/wp\/v2\/pages\/527","targetHints":{"allow":["GET"]}}],"collection":[{"href":"https:\/\/www.gs-oepfershausen.de\/index.php?rest_route=\/wp\/v2\/pages"}],"about":[{"href":"https:\/\/www.gs-oepfershausen.de\/index.php?rest_route=\/wp\/v2\/types\/page"}],"author":[{"embeddable":true,"href":"https:\/\/www.gs-oepfershausen.de\/index.php?rest_route=\/wp\/v2\/users\/7"}],"replies":[{"embeddable":true,"href":"https:\/\/www.gs-oepfershausen.de\/index.php?rest_route=%2Fwp%2Fv2%2Fcomments&post=527"}],"version-history":[{"count":10,"href":"https:\/\/www.gs-oepfershausen.de\/index.php?rest_route=\/wp\/v2\/pages\/527\/revisions"}],"predecessor-version":[{"id":10563,"href":"https:\/\/www.gs-oepfershausen.de\/index.php?rest_route=\/wp\/v2\/pages\/527\/revisions\/10563"}],"up":[{"embeddable":true,"href":"https:\/\/www.gs-oepfershausen.de\/index.php?rest_route=\/wp\/v2\/pages\/525"}],"wp:attachment":[{"href":"https:\/\/www.gs-oepfershausen.de\/index.php?rest_route=%2Fwp%2Fv2%2Fmedia&parent=527"}],"curies":[{"name":"wp","href":"https:\/\/api.w.org\/{rel}","templated":true}]}}

<h4><span style="color: #808080;">Gewählt zu Beginn des Schuljahres 2024 / 25</span></h4>
<p><a href="https://www.gs-oepfershausen.de/wp-content/uploads/2024/12/IMG-20241211-WA00011.jpg" data-rel="lightbox-gallery-zvLVhisG" data-rl_title="IMG-20241211-WA0001[1]" data-rl_caption="" title="IMG-20241211-WA0001[1]"><img loading="lazy" decoding="async" class="alignnone size-medium wp-image-10457" src="https://www.gs-oepfershausen.de/wp-content/uploads/2024/12/IMG-20241211-WA00011-300x225.jpg" alt="" width="300" height="225" srcset="https://www.gs-oepfershausen.de/wp-content/uploads/2024/12/IMG-20241211-WA00011-300x225.jpg 300w, https://www.gs-oepfershausen.de/wp-content/uploads/2024/12/IMG-20241211-WA00011-1024x767.jpg 1024w, https://www.gs-oepfershausen.de/wp-content/uploads/2024/12/IMG-20241211-WA00011-1536x1151.jpg 1536w, https://www.gs-oepfershausen.de/wp-content/uploads/2024/12/IMG-20241211-WA00011.jpg 1600w" sizes="auto, (max-width: 300px) 100vw, 300px" /></a></p>
<p style="font-weight: 400;">Patrick Schantora (Vorsitzender), Franziska Wohl (Beisitzerin), Julia Vonderlind (stell. Vorsitzende &#8211; Schriftführerin), Stefanie Kümpel (Beisitzerin), Wenke Roth (Beisitzerin), Stefan Türk (stell. Vorsitzender &#8211; Kassenwart)</p>
<p>von links nach rechts</p>
<hr />
<p>&nbsp;</p>
<h4><span style="color: #808080;">Aktiv bis zur Wahl des neuen Vorstandes im Herbst 2024</span></h4>

<table id="tablepress-11" class="tablepress tablepress-id-11">
<thead>
<tr class="row-1">
	<th class="column-1">Vorstand des Fördervereins</th><td class="column-2"></td>
</tr>
</thead>
<tbody class="row-striping row-hover">
<tr class="row-2">
	<td class="column-1">Patrick Schantora</td><td class="column-2">1. Vorsitzender</td>
</tr>
<tr class="row-3">
	<td class="column-1">Bernd Vonderlind</td><td class="column-2">2. Vorsitzender</td>
</tr>
<tr class="row-4">
	<td class="column-1">Mandy Roth</td><td class="column-2">Schriftführerin</td>
</tr>
<tr class="row-5">
	<td class="column-1">Stefan Türk</td><td class="column-2">Kassierer</td>
</tr>
<tr class="row-6">
	<td class="column-1">Stefanie Kümpel</td><td class="column-2">Beisitzer</td>
</tr>
<tr class="row-7">
	<td class="column-1">Wenke Roth</td><td class="column-2">Beisitzer</td>
</tr>
</tbody>
</table>
<!-- #tablepress-11 from cache -->
<p>&nbsp;</p>
<p><img loading="lazy" decoding="async" class="alignnone size-medium wp-image-6581" src="https://www.gs-oepfershausen.de/wp-content/uploads/2021/09/Vorstand-VV-225x300.jpg" alt="" width="225" height="300" srcset="https://www.gs-oepfershausen.de/wp-content/uploads/2021/09/Vorstand-VV-225x300.jpg 225w, https://www.gs-oepfershausen.de/wp-content/uploads/2021/09/Vorstand-VV-768x1024.jpg 768w, https://www.gs-oepfershausen.de/wp-content/uploads/2021/09/Vorstand-VV-1153x1536.jpg 1153w, https://www.gs-oepfershausen.de/wp-content/uploads/2021/09/Vorstand-VV.jpg 1200w" sizes="auto, (max-width: 225px) 100vw, 225px" /></p>

<p>Gewählt zu Beginn des Schuljahres 2024 / 25 Patrick Schantora (Vorsitzender), Franziska Wohl (Beisitzerin), Julia Vonderlind (stell. Vorsitzende &#8211; Schriftführerin), Stefanie Kümpel (Beisitzerin), Wenke Roth (Beisitzerin), Stefan Türk (stell. Vorsitzender &#8211; Kassenwart) von links nach rechts &nbsp; Aktiv bis zur Wahl des neuen Vorstandes im Herbst 2024 &nbsp;</p>

<!-- This site is optimized with the Yoast SEO plugin v27.5 - https://yoast.com/product/yoast-seo-wordpress/ -->
<title>Vorstand - Grundschule Oepfershausen</title>
<meta name="robots" content="index, follow, max-snippet:-1, max-image-preview:large, max-video-preview:-1" />
<link rel="canonical" href="https://www.gs-oepfershausen.de/?page_id=527" />
<meta property="og:locale" content="de_DE" />
<meta property="og:type" content="article" />
<meta property="og:title" content="Vorstand - Grundschule Oepfershausen" />
<meta property="og:description" content="Gewählt zu Beginn des Schuljahres 2024 / 25 Patrick Schantora (Vorsitzender), Franziska Wohl (Beisitzerin), Julia Vonderlind (stell. Vorsitzende &#8211; Schriftführerin), Stefanie Kümpel (Beisitzerin), Wenke Roth (Beisitzerin), Stefan Türk (stell. Vorsitzender &#8211; Kassenwart) von links nach rechts &nbsp; Aktiv bis zur Wahl des neuen Vorstandes im Herbst 2024 &nbsp;" />
<meta property="og:url" content="https://www.gs-oepfershausen.de/?page_id=527" />
<meta property="og:site_name" content="Grundschule Oepfershausen" />
<meta property="article:modified_time" content="2025-01-29T12:32:38+00:00" />
<meta property="og:image" content="https://www.gs-oepfershausen.de/wp-content/uploads/2024/12/IMG-20241211-WA00011-300x225.jpg" />
<meta name="twitter:card" content="summary_large_image" />
<meta name="twitter:label1" content="Geschätzte Lesezeit" />
	<meta name="twitter:data1" content="1 Minute" />
<script type="application/ld+json" class="yoast-schema-graph">{"@context":"https:\/\/schema.org","@graph":[{"@type":"WebPage","@id":"https:\/\/www.gs-oepfershausen.de\/?page_id=527","url":"https:\/\/www.gs-oepfershausen.de\/?page_id=527","name":"Vorstand - Grundschule Oepfershausen","isPartOf":{"@id":"https:\/\/www.gs-oepfershausen.de\/#website"},"primaryImageOfPage":{"@id":"https:\/\/www.gs-oepfershausen.de\/?page_id=527#primaryimage"},"image":{"@id":"https:\/\/www.gs-oepfershausen.de\/?page_id=527#primaryimage"},"thumbnailUrl":"https:\/\/www.gs-oepfershausen.de\/wp-content\/uploads\/2024\/12\/IMG-20241211-WA00011-300x225.jpg","datePublished":"2016-03-02T12:22:36+00:00","dateModified":"2025-01-29T12:32:38+00:00","breadcrumb":{"@id":"https:\/\/www.gs-oepfershausen.de\/?page_id=527#breadcrumb"},"inLanguage":"de","potentialAction":[{"@type":"ReadAction","target":["https:\/\/www.gs-oepfershausen.de\/?page_id=527"]}]},{"@type":"ImageObject","inLanguage":"de","@id":"https:\/\/www.gs-oepfershausen.de\/?page_id=527#primaryimage","url":"https:\/\/www.gs-oepfershausen.de\/wp-content\/uploads\/2024\/12\/IMG-20241211-WA00011.jpg","contentUrl":"https:\/\/www.gs-oepfershausen.de\/wp-content\/uploads\/2024\/12\/IMG-20241211-WA00011.jpg","width":1600,"height":1199},{"@type":"BreadcrumbList","@id":"https:\/\/www.gs-oepfershausen.de\/?page_id=527#breadcrumb","itemListElement":[{"@type":"ListItem","position":1,"name":"Home","item":"https:\/\/www.gs-oepfershausen.de\/"},{"@type":"ListItem","position":2,"name":"Förderverein","item":"https:\/\/www.gs-oepfershausen.de\/?page_id=525"},{"@type":"ListItem","position":3,"name":"Vorstand"}]},{"@type":"WebSite","@id":"https:\/\/www.gs-oepfershausen.de\/#website","url":"https:\/\/www.gs-oepfershausen.de\/","name":"Grundschule Oepfershausen","description":"","potentialAction":[{"@type":"SearchAction","target":{"@type":"EntryPoint","urlTemplate":"https:\/\/www.gs-oepfershausen.de\/?s={search_term_string}"},"query-input":{"@type":"PropertyValueSpecification","valueRequired":true,"valueName":"search_term_string"}}],"inLanguage":"de"}]}</script>
<!-- / Yoast SEO plugin. -->

Gewählt zu Beginn des Schuljahres 2024 / 25 Patrick Schantora (Vorsitzender), Franziska Wohl (Beisitzerin), Julia Vonderlind (stell. Vorsitzende &#8211; Schriftführerin), Stefanie Kümpel (Beisitzerin), Wenke Roth (Beisitzerin), Stefan Türk (stell. Vorsitzender &#8211; Kassenwart) von links nach rechts &nbsp; Aktiv bis zur Wahl des neuen Vorstandes im Herbst 2024 &nbsp;

Förderverein
