{"id":518,"date":"2016-03-02T12:13:48","date_gmt":"2016-03-02T12:13:48","guid":{"rendered":"http:\/\/www.gs-oepfershausen.de\/?page_id=518"},"modified":"2026-03-25T13:48:06","modified_gmt":"2026-03-25T11:48:06","slug":"formulare","status":"publish","type":"page","link":"https:\/\/www.gs-oepfershausen.de\/?page_id=518","title":{"rendered":"Formulare"},"content":{"rendered":"<p>&nbsp;<\/p>\n<p>&nbsp;<\/p>\n<p><strong>Schulanmeldung f\u00fcr Schulanf\u00e4nger des Jahres 2027 \/ 2028<br \/>\n<\/strong><\/p>\n<p><a href=\"https:\/\/www.gs-oepfershausen.de\/wp-content\/uploads\/2026\/03\/Schuelerdaten-Erfassungsbogen-NEU-Sj-27-28-Wunschschule.pdf\">Sch\u00fclerdaten Erfassungsbogen NEU Sj 27-28 Wunschschule<\/a><\/p>\n<p><a href=\"https:\/\/www.gs-oepfershausen.de\/wp-content\/uploads\/2026\/03\/Anlage-zum-Erfassungsbogen-Zweitwunschschule.pdf\">Anlage zum Erfassungsbogen Zweitwunschschule<\/a><\/p>\n<p><a href=\"https:\/\/www.gs-oepfershausen.de\/wp-content\/uploads\/2026\/03\/Vollmacht-zur-Schulanmeldung.pdf\">Vollmacht zur Schulanmeldung<\/a><\/p>\n<p><strong>\u00a0<\/strong><\/p>\n<p><strong>Hortantr\u00e4ge f\u00fcr das Schuljahr 2025 \/ 26<br \/>\n<\/strong><\/p>\n<p><a href=\"https:\/\/www.gs-oepfershausen.de\/wp-content\/uploads\/2025\/05\/Hortantrag.pdf\">Hortantrag<\/a><\/p>\n<p><a href=\"https:\/\/www.gs-oepfershausen.de\/wp-content\/uploads\/2025\/05\/Informationsschreiben-zum-Hortantrag.pdf\">Informationsschreiben zum Hortantrag<\/a><\/p>\n<p><a href=\"https:\/\/www.gs-oepfershausen.de\/wp-content\/uploads\/2025\/05\/Gasthortantrag.pdf\">Gasthortantrag<\/a> f\u00fcr Kinder, die w\u00e4hrend der Ferien betreut werden sollen und ansonsten nicht den Hort besuchen<\/p>\n<p><a href=\"https:\/\/www.gs-oepfershausen.de\/wp-content\/uploads\/2025\/05\/Bogen-A3.pdf\">Erkl\u00e4rungsbogen zum Einkommen (A3)<\/a><\/p>\n<p><a href=\"https:\/\/www.gs-oepfershausen.de\/wp-content\/uploads\/2025\/05\/Bogen-A4.pdf\">Erkl\u00e4rungsbogen zum Einkommen (A4)<\/a><\/p>\n<p>&nbsp;<\/p>\n<p>&nbsp;<\/p>\n<p>&nbsp;<\/p>\n<p><strong>Durchf\u00fchrung der Sch\u00fclerwettbewerbe<\/strong><\/p>\n<p><a href=\"https:\/\/www.gs-oepfershausen.de\/wp-content\/uploads\/2019\/08\/19_07_Form-Merkblatt_SWB_-zu-Artikel-13-DS-GVO-Sportwettbewerbe8970.pdf\">Merkblatt zur Erhebung von personenbezogenen Daten<\/a><\/p>\n<p>&nbsp;<\/p>\n<p><strong>Beurlaubung<\/strong><\/p>\n<p><a href=\"https:\/\/www.gs-oepfershausen.de\/wp-content\/uploads\/2025\/08\/Antrag_auf_Beurlaubung_print.pdf\">Antrag auf Beurlaubung<\/a><\/p>\n","protected":false},"excerpt":{"rendered":"<p>&nbsp; &nbsp; Schulanmeldung f\u00fcr Schulanf\u00e4nger des Jahres 2027 \/ 2028 Sch\u00fclerdaten Erfassungsbogen NEU Sj 27-28 Wunschschule Anlage zum Erfassungsbogen Zweitwunschschule Vollmacht zur Schulanmeldung \u00a0 Hortantr\u00e4ge f\u00fcr das Schuljahr 2025 \/ 26 Hortantrag Informationsschreiben zum Hortantrag Gasthortantrag f\u00fcr Kinder, die w\u00e4hrend der Ferien betreut werden sollen und ansonsten nicht den Hort besuchen Erkl\u00e4rungsbogen zum Einkommen (A3) [&hellip;]<\/p>\n","protected":false},"author":7,"featured_media":0,"parent":845,"menu_order":450,"comment_status":"closed","ping_status":"closed","template":"","meta":{"footnotes":""},"class_list":["post-518","page","type-page","status-publish","hentry"],"yoast_head":"<!-- This site is optimized with the Yoast SEO plugin v27.4 - https:\/\/yoast.com\/product\/yoast-seo-wordpress\/ -->\n<title>Formulare - Grundschule Oepfershausen<\/title>\n<meta name=\"robots\" content=\"index, follow, max-snippet:-1, max-image-preview:large, max-video-preview:-1\" \/>\n<link rel=\"canonical\" href=\"https:\/\/www.gs-oepfershausen.de\/?page_id=518\" \/>\n<meta property=\"og:locale\" content=\"de_DE\" \/>\n<meta property=\"og:type\" content=\"article\" \/>\n<meta property=\"og:title\" content=\"Formulare - Grundschule Oepfershausen\" \/>\n<meta property=\"og:description\" content=\"&nbsp; &nbsp; Schulanmeldung f\u00fcr Schulanf\u00e4nger des Jahres 2027 \/ 2028 Sch\u00fclerdaten Erfassungsbogen NEU Sj 27-28 Wunschschule Anlage zum Erfassungsbogen Zweitwunschschule Vollmacht zur Schulanmeldung \u00a0 Hortantr\u00e4ge f\u00fcr das Schuljahr 2025 \/ 26 Hortantrag Informationsschreiben zum Hortantrag Gasthortantrag f\u00fcr Kinder, die w\u00e4hrend der Ferien betreut werden sollen und ansonsten nicht den Hort besuchen Erkl\u00e4rungsbogen zum Einkommen (A3) [&hellip;]\" \/>\n<meta property=\"og:url\" content=\"https:\/\/www.gs-oepfershausen.de\/?page_id=518\" \/>\n<meta property=\"og:site_name\" content=\"Grundschule Oepfershausen\" \/>\n<meta property=\"article:modified_time\" content=\"2026-03-25T11:48:06+00:00\" \/>\n<meta name=\"twitter:card\" content=\"summary_large_image\" \/>\n<meta name=\"twitter:label1\" content=\"Gesch\u00e4tzte Lesezeit\" \/>\n\t<meta name=\"twitter:data1\" content=\"1\u00a0Minute\" \/>\n<script type=\"application\/ld+json\" class=\"yoast-schema-graph\">{\"@context\":\"https:\\\/\\\/schema.org\",\"@graph\":[{\"@type\":\"WebPage\",\"@id\":\"https:\\\/\\\/www.gs-oepfershausen.de\\\/?page_id=518\",\"url\":\"https:\\\/\\\/www.gs-oepfershausen.de\\\/?page_id=518\",\"name\":\"Formulare - Grundschule Oepfershausen\",\"isPartOf\":{\"@id\":\"https:\\\/\\\/www.gs-oepfershausen.de\\\/#website\"},\"datePublished\":\"2016-03-02T12:13:48+00:00\",\"dateModified\":\"2026-03-25T11:48:06+00:00\",\"breadcrumb\":{\"@id\":\"https:\\\/\\\/www.gs-oepfershausen.de\\\/?page_id=518#breadcrumb\"},\"inLanguage\":\"de\",\"potentialAction\":[{\"@type\":\"ReadAction\",\"target\":[\"https:\\\/\\\/www.gs-oepfershausen.de\\\/?page_id=518\"]}]},{\"@type\":\"BreadcrumbList\",\"@id\":\"https:\\\/\\\/www.gs-oepfershausen.de\\\/?page_id=518#breadcrumb\",\"itemListElement\":[{\"@type\":\"ListItem\",\"position\":1,\"name\":\"Home\",\"item\":\"https:\\\/\\\/www.gs-oepfershausen.de\\\/\"},{\"@type\":\"ListItem\",\"position\":2,\"name\":\"Informationen\",\"item\":\"https:\\\/\\\/www.gs-oepfershausen.de\\\/?page_id=845\"},{\"@type\":\"ListItem\",\"position\":3,\"name\":\"Formulare\"}]},{\"@type\":\"WebSite\",\"@id\":\"https:\\\/\\\/www.gs-oepfershausen.de\\\/#website\",\"url\":\"https:\\\/\\\/www.gs-oepfershausen.de\\\/\",\"name\":\"Grundschule Oepfershausen\",\"description\":\"\",\"potentialAction\":[{\"@type\":\"SearchAction\",\"target\":{\"@type\":\"EntryPoint\",\"urlTemplate\":\"https:\\\/\\\/www.gs-oepfershausen.de\\\/?s={search_term_string}\"},\"query-input\":{\"@type\":\"PropertyValueSpecification\",\"valueRequired\":true,\"valueName\":\"search_term_string\"}}],\"inLanguage\":\"de\"}]}<\/script>\n<!-- \/ Yoast SEO plugin. -->","yoast_head_json":{"title":"Formulare - Grundschule Oepfershausen","robots":{"index":"index","follow":"follow","max-snippet":"max-snippet:-1","max-image-preview":"max-image-preview:large","max-video-preview":"max-video-preview:-1"},"canonical":"https:\/\/www.gs-oepfershausen.de\/?page_id=518","og_locale":"de_DE","og_type":"article","og_title":"Formulare - Grundschule Oepfershausen","og_description":"&nbsp; &nbsp; Schulanmeldung f\u00fcr Schulanf\u00e4nger des Jahres 2027 \/ 2028 Sch\u00fclerdaten Erfassungsbogen NEU Sj 27-28 Wunschschule Anlage zum Erfassungsbogen Zweitwunschschule Vollmacht zur Schulanmeldung \u00a0 Hortantr\u00e4ge f\u00fcr das Schuljahr 2025 \/ 26 Hortantrag Informationsschreiben zum Hortantrag Gasthortantrag f\u00fcr Kinder, die w\u00e4hrend der Ferien betreut werden sollen und ansonsten nicht den Hort besuchen Erkl\u00e4rungsbogen zum Einkommen (A3) [&hellip;]","og_url":"https:\/\/www.gs-oepfershausen.de\/?page_id=518","og_site_name":"Grundschule Oepfershausen","article_modified_time":"2026-03-25T11:48:06+00:00","twitter_card":"summary_large_image","twitter_misc":{"Gesch\u00e4tzte Lesezeit":"1\u00a0Minute"},"schema":{"@context":"https:\/\/schema.org","@graph":[{"@type":"WebPage","@id":"https:\/\/www.gs-oepfershausen.de\/?page_id=518","url":"https:\/\/www.gs-oepfershausen.de\/?page_id=518","name":"Formulare - Grundschule Oepfershausen","isPartOf":{"@id":"https:\/\/www.gs-oepfershausen.de\/#website"},"datePublished":"2016-03-02T12:13:48+00:00","dateModified":"2026-03-25T11:48:06+00:00","breadcrumb":{"@id":"https:\/\/www.gs-oepfershausen.de\/?page_id=518#breadcrumb"},"inLanguage":"de","potentialAction":[{"@type":"ReadAction","target":["https:\/\/www.gs-oepfershausen.de\/?page_id=518"]}]},{"@type":"BreadcrumbList","@id":"https:\/\/www.gs-oepfershausen.de\/?page_id=518#breadcrumb","itemListElement":[{"@type":"ListItem","position":1,"name":"Home","item":"https:\/\/www.gs-oepfershausen.de\/"},{"@type":"ListItem","position":2,"name":"Informationen","item":"https:\/\/www.gs-oepfershausen.de\/?page_id=845"},{"@type":"ListItem","position":3,"name":"Formulare"}]},{"@type":"WebSite","@id":"https:\/\/www.gs-oepfershausen.de\/#website","url":"https:\/\/www.gs-oepfershausen.de\/","name":"Grundschule Oepfershausen","description":"","potentialAction":[{"@type":"SearchAction","target":{"@type":"EntryPoint","urlTemplate":"https:\/\/www.gs-oepfershausen.de\/?s={search_term_string}"},"query-input":{"@type":"PropertyValueSpecification","valueRequired":true,"valueName":"search_term_string"}}],"inLanguage":"de"}]}},"_links":{"self":[{"href":"https:\/\/www.gs-oepfershausen.de\/index.php?rest_route=\/wp\/v2\/pages\/518","targetHints":{"allow":["GET"]}}],"collection":[{"href":"https:\/\/www.gs-oepfershausen.de\/index.php?rest_route=\/wp\/v2\/pages"}],"about":[{"href":"https:\/\/www.gs-oepfershausen.de\/index.php?rest_route=\/wp\/v2\/types\/page"}],"author":[{"embeddable":true,"href":"https:\/\/www.gs-oepfershausen.de\/index.php?rest_route=\/wp\/v2\/users\/7"}],"replies":[{"embeddable":true,"href":"https:\/\/www.gs-oepfershausen.de\/index.php?rest_route=%2Fwp%2Fv2%2Fcomments&post=518"}],"version-history":[{"count":53,"href":"https:\/\/www.gs-oepfershausen.de\/index.php?rest_route=\/wp\/v2\/pages\/518\/revisions"}],"predecessor-version":[{"id":11983,"href":"https:\/\/www.gs-oepfershausen.de\/index.php?rest_route=\/wp\/v2\/pages\/518\/revisions\/11983"}],"up":[{"embeddable":true,"href":"https:\/\/www.gs-oepfershausen.de\/index.php?rest_route=\/wp\/v2\/pages\/845"}],"wp:attachment":[{"href":"https:\/\/www.gs-oepfershausen.de\/index.php?rest_route=%2Fwp%2Fv2%2Fmedia&parent=518"}],"curies":[{"name":"wp","href":"https:\/\/api.w.org\/{rel}","templated":true}]}}