{"id":10673,"date":"2025-02-24T14:04:08","date_gmt":"2025-02-24T12:04:08","guid":{"rendered":"https:\/\/www.gs-oepfershausen.de\/?page_id=10673"},"modified":"2025-02-24T14:08:46","modified_gmt":"2025-02-24T12:08:46","slug":"ferienhort-schuljahr-2020-21","status":"publish","type":"page","link":"https:\/\/www.gs-oepfershausen.de\/?page_id=10673","title":{"rendered":"Ferienhort Schuljahr 2020 \/ 21"},"content":{"rendered":"<h2><strong><u>Ferienprogramm in der Kunststation Oepfershausen<\/u><\/strong><\/h2>\n<p>In der Woche vom 30.08.-03.09.2021 nahmen Kinder unserer Schule an den angebotenen Ferienkursen der Kunststation Oepfershausen teil. T\u00e4glich konnten sie sich k\u00fcnstlerisch bet\u00e4tigen und verschiedene Techniken erproben. Die Ergebnisse k\u00f6nnen sich sehen lassen!<\/p>\n<p>Es folgen einige Eindr\u00fccke. Ein Klick vergr\u00f6\u00dfert das Bild.<\/p>\n\n\t\t<style type=\"text\/css\">\n\t\t\t#gallery-1 {\n\t\t\t\tmargin: auto;\n\t\t\t}\n\t\t\t#gallery-1 .gallery-item {\n\t\t\t\tfloat: left;\n\t\t\t\tmargin-top: 10px;\n\t\t\t\ttext-align: center;\n\t\t\t\twidth: 33%;\n\t\t\t}\n\t\t\t#gallery-1 img {\n\t\t\t\tborder: 2px solid #cfcfcf;\n\t\t\t}\n\t\t\t#gallery-1 .gallery-caption {\n\t\t\t\tmargin-left: 0;\n\t\t\t}\n\t\t\t\/* see gallery_shortcode() in wp-includes\/media.php *\/\n\t\t<\/style>\n\t\t<div id='gallery-1' class='gallery galleryid-10673 gallery-columns-3 gallery-size-thumbnail'><dl class='gallery-item'>\n\t\t\t<dt class='gallery-icon portrait'>\n\t\t\t\t<a href=\"https:\/\/www.gs-oepfershausen.de\/wp-content\/uploads\/2021\/09\/20210830_092532-scaled.jpg\" data-rel=\"lightbox-gallery-wk6MoCBI\" data-rl_title=\"20210830_092532\" data-rl_caption=\"\" title=\"20210830_092532\"><img loading=\"lazy\" decoding=\"async\" width=\"150\" height=\"150\" src=\"https:\/\/www.gs-oepfershausen.de\/wp-content\/uploads\/2021\/09\/20210830_092532-150x150.jpg\" class=\"attachment-thumbnail size-thumbnail\" alt=\"\" \/><\/a>\n\t\t\t<\/dt><\/dl><dl class='gallery-item'>\n\t\t\t<dt class='gallery-icon portrait'>\n\t\t\t\t<a href=\"https:\/\/www.gs-oepfershausen.de\/wp-content\/uploads\/2021\/09\/20210830_093104-scaled.jpg\" data-rel=\"lightbox-gallery-wk6MoCBI\" data-rl_title=\"20210830_093104\" data-rl_caption=\"\" title=\"20210830_093104\"><img loading=\"lazy\" decoding=\"async\" width=\"150\" height=\"150\" src=\"https:\/\/www.gs-oepfershausen.de\/wp-content\/uploads\/2021\/09\/20210830_093104-150x150.jpg\" class=\"attachment-thumbnail size-thumbnail\" alt=\"\" \/><\/a>\n\t\t\t<\/dt><\/dl><dl class='gallery-item'>\n\t\t\t<dt class='gallery-icon portrait'>\n\t\t\t\t<a href=\"https:\/\/www.gs-oepfershausen.de\/wp-content\/uploads\/2021\/09\/20210830_093158-scaled.jpg\" data-rel=\"lightbox-gallery-wk6MoCBI\" data-rl_title=\"20210830_093158\" data-rl_caption=\"\" title=\"20210830_093158\"><img loading=\"lazy\" decoding=\"async\" width=\"150\" height=\"150\" src=\"https:\/\/www.gs-oepfershausen.de\/wp-content\/uploads\/2021\/09\/20210830_093158-150x150.jpg\" class=\"attachment-thumbnail size-thumbnail\" alt=\"\" \/><\/a>\n\t\t\t<\/dt><\/dl><br style=\"clear: both\" \/><dl class='gallery-item'>\n\t\t\t<dt class='gallery-icon portrait'>\n\t\t\t\t<a href=\"https:\/\/www.gs-oepfershausen.de\/wp-content\/uploads\/2021\/09\/20210830_094759-scaled.jpg\" data-rel=\"lightbox-gallery-wk6MoCBI\" data-rl_title=\"20210830_094759\" data-rl_caption=\"\" title=\"20210830_094759\"><img loading=\"lazy\" decoding=\"async\" width=\"150\" height=\"150\" src=\"https:\/\/www.gs-oepfershausen.de\/wp-content\/uploads\/2021\/09\/20210830_094759-150x150.jpg\" class=\"attachment-thumbnail size-thumbnail\" alt=\"\" \/><\/a>\n\t\t\t<\/dt><\/dl><dl class='gallery-item'>\n\t\t\t<dt class='gallery-icon portrait'>\n\t\t\t\t<a href=\"https:\/\/www.gs-oepfershausen.de\/wp-content\/uploads\/2021\/09\/20210830_095738-scaled.jpg\" data-rel=\"lightbox-gallery-wk6MoCBI\" data-rl_title=\"20210830_095738\" data-rl_caption=\"\" title=\"20210830_095738\"><img loading=\"lazy\" decoding=\"async\" width=\"150\" height=\"150\" src=\"https:\/\/www.gs-oepfershausen.de\/wp-content\/uploads\/2021\/09\/20210830_095738-150x150.jpg\" class=\"attachment-thumbnail size-thumbnail\" alt=\"\" \/><\/a>\n\t\t\t<\/dt><\/dl><dl class='gallery-item'>\n\t\t\t<dt class='gallery-icon portrait'>\n\t\t\t\t<a href=\"https:\/\/www.gs-oepfershausen.de\/wp-content\/uploads\/2021\/09\/20210831_092702-scaled.jpg\" data-rel=\"lightbox-gallery-wk6MoCBI\" data-rl_title=\"20210831_092702\" data-rl_caption=\"\" title=\"20210831_092702\"><img loading=\"lazy\" decoding=\"async\" width=\"150\" height=\"150\" src=\"https:\/\/www.gs-oepfershausen.de\/wp-content\/uploads\/2021\/09\/20210831_092702-150x150.jpg\" class=\"attachment-thumbnail size-thumbnail\" alt=\"\" \/><\/a>\n\t\t\t<\/dt><\/dl><br style=\"clear: both\" \/><dl class='gallery-item'>\n\t\t\t<dt class='gallery-icon portrait'>\n\t\t\t\t<a href=\"https:\/\/www.gs-oepfershausen.de\/wp-content\/uploads\/2021\/09\/20210831_092707-scaled.jpg\" data-rel=\"lightbox-gallery-wk6MoCBI\" data-rl_title=\"20210831_092707\" data-rl_caption=\"\" title=\"20210831_092707\"><img loading=\"lazy\" decoding=\"async\" width=\"150\" height=\"150\" src=\"https:\/\/www.gs-oepfershausen.de\/wp-content\/uploads\/2021\/09\/20210831_092707-150x150.jpg\" class=\"attachment-thumbnail size-thumbnail\" alt=\"\" \/><\/a>\n\t\t\t<\/dt><\/dl><dl class='gallery-item'>\n\t\t\t<dt class='gallery-icon portrait'>\n\t\t\t\t<a href=\"https:\/\/www.gs-oepfershausen.de\/wp-content\/uploads\/2021\/09\/20210831_111538-scaled.jpg\" data-rel=\"lightbox-gallery-wk6MoCBI\" data-rl_title=\"20210831_111538\" data-rl_caption=\"\" title=\"20210831_111538\"><img loading=\"lazy\" decoding=\"async\" width=\"150\" height=\"150\" src=\"https:\/\/www.gs-oepfershausen.de\/wp-content\/uploads\/2021\/09\/20210831_111538-150x150.jpg\" class=\"attachment-thumbnail size-thumbnail\" alt=\"\" \/><\/a>\n\t\t\t<\/dt><\/dl><dl class='gallery-item'>\n\t\t\t<dt class='gallery-icon portrait'>\n\t\t\t\t<a href=\"https:\/\/www.gs-oepfershausen.de\/wp-content\/uploads\/2021\/09\/20210831_111606-scaled.jpg\" data-rel=\"lightbox-gallery-wk6MoCBI\" data-rl_title=\"20210831_111606\" data-rl_caption=\"\" title=\"20210831_111606\"><img loading=\"lazy\" decoding=\"async\" width=\"150\" height=\"150\" src=\"https:\/\/www.gs-oepfershausen.de\/wp-content\/uploads\/2021\/09\/20210831_111606-150x150.jpg\" class=\"attachment-thumbnail size-thumbnail\" alt=\"\" \/><\/a>\n\t\t\t<\/dt><\/dl><br style=\"clear: both\" \/><dl class='gallery-item'>\n\t\t\t<dt class='gallery-icon portrait'>\n\t\t\t\t<a href=\"https:\/\/www.gs-oepfershausen.de\/wp-content\/uploads\/2021\/09\/20210831_111611-scaled.jpg\" data-rel=\"lightbox-gallery-wk6MoCBI\" data-rl_title=\"20210831_111611\" data-rl_caption=\"\" title=\"20210831_111611\"><img loading=\"lazy\" decoding=\"async\" width=\"150\" height=\"150\" src=\"https:\/\/www.gs-oepfershausen.de\/wp-content\/uploads\/2021\/09\/20210831_111611-150x150.jpg\" class=\"attachment-thumbnail size-thumbnail\" alt=\"\" \/><\/a>\n\t\t\t<\/dt><\/dl><dl class='gallery-item'>\n\t\t\t<dt class='gallery-icon portrait'>\n\t\t\t\t<a href=\"https:\/\/www.gs-oepfershausen.de\/wp-content\/uploads\/2021\/09\/20210831_111632-scaled.jpg\" data-rel=\"lightbox-gallery-wk6MoCBI\" data-rl_title=\"20210831_111632\" data-rl_caption=\"\" title=\"20210831_111632\"><img loading=\"lazy\" decoding=\"async\" width=\"150\" height=\"150\" src=\"https:\/\/www.gs-oepfershausen.de\/wp-content\/uploads\/2021\/09\/20210831_111632-150x150.jpg\" class=\"attachment-thumbnail size-thumbnail\" alt=\"\" \/><\/a>\n\t\t\t<\/dt><\/dl><dl class='gallery-item'>\n\t\t\t<dt class='gallery-icon portrait'>\n\t\t\t\t<a href=\"https:\/\/www.gs-oepfershausen.de\/wp-content\/uploads\/2021\/09\/20210831_113657-scaled.jpg\" data-rel=\"lightbox-gallery-wk6MoCBI\" data-rl_title=\"20210831_113657\" data-rl_caption=\"\" title=\"20210831_113657\"><img loading=\"lazy\" decoding=\"async\" width=\"150\" height=\"150\" src=\"https:\/\/www.gs-oepfershausen.de\/wp-content\/uploads\/2021\/09\/20210831_113657-150x150.jpg\" class=\"attachment-thumbnail size-thumbnail\" alt=\"\" \/><\/a>\n\t\t\t<\/dt><\/dl><br style=\"clear: both\" \/><dl class='gallery-item'>\n\t\t\t<dt class='gallery-icon portrait'>\n\t\t\t\t<a href=\"https:\/\/www.gs-oepfershausen.de\/wp-content\/uploads\/2021\/09\/20210831_113700-scaled.jpg\" data-rel=\"lightbox-gallery-wk6MoCBI\" data-rl_title=\"20210831_113700\" data-rl_caption=\"\" title=\"20210831_113700\"><img loading=\"lazy\" decoding=\"async\" width=\"150\" height=\"150\" src=\"https:\/\/www.gs-oepfershausen.de\/wp-content\/uploads\/2021\/09\/20210831_113700-150x150.jpg\" class=\"attachment-thumbnail size-thumbnail\" alt=\"\" \/><\/a>\n\t\t\t<\/dt><\/dl><dl class='gallery-item'>\n\t\t\t<dt class='gallery-icon portrait'>\n\t\t\t\t<a href=\"https:\/\/www.gs-oepfershausen.de\/wp-content\/uploads\/2021\/09\/20210831_113702-scaled.jpg\" data-rel=\"lightbox-gallery-wk6MoCBI\" data-rl_title=\"20210831_113702\" data-rl_caption=\"\" title=\"20210831_113702\"><img loading=\"lazy\" decoding=\"async\" width=\"150\" height=\"150\" src=\"https:\/\/www.gs-oepfershausen.de\/wp-content\/uploads\/2021\/09\/20210831_113702-150x150.jpg\" class=\"attachment-thumbnail size-thumbnail\" alt=\"\" \/><\/a>\n\t\t\t<\/dt><\/dl><dl class='gallery-item'>\n\t\t\t<dt class='gallery-icon portrait'>\n\t\t\t\t<a href=\"https:\/\/www.gs-oepfershausen.de\/wp-content\/uploads\/2021\/09\/20210831_121417-scaled.jpg\" data-rel=\"lightbox-gallery-wk6MoCBI\" data-rl_title=\"20210831_121417\" data-rl_caption=\"\" title=\"20210831_121417\"><img loading=\"lazy\" decoding=\"async\" width=\"150\" height=\"150\" src=\"https:\/\/www.gs-oepfershausen.de\/wp-content\/uploads\/2021\/09\/20210831_121417-150x150.jpg\" class=\"attachment-thumbnail size-thumbnail\" alt=\"\" \/><\/a>\n\t\t\t<\/dt><\/dl><br style=\"clear: both\" \/><dl class='gallery-item'>\n\t\t\t<dt class='gallery-icon portrait'>\n\t\t\t\t<a href=\"https:\/\/www.gs-oepfershausen.de\/wp-content\/uploads\/2021\/09\/20210831_121424-scaled.jpg\" data-rel=\"lightbox-gallery-wk6MoCBI\" data-rl_title=\"20210831_121424\" data-rl_caption=\"\" title=\"20210831_121424\"><img loading=\"lazy\" decoding=\"async\" width=\"150\" height=\"150\" src=\"https:\/\/www.gs-oepfershausen.de\/wp-content\/uploads\/2021\/09\/20210831_121424-150x150.jpg\" class=\"attachment-thumbnail size-thumbnail\" alt=\"\" \/><\/a>\n\t\t\t<\/dt><\/dl><dl class='gallery-item'>\n\t\t\t<dt class='gallery-icon portrait'>\n\t\t\t\t<a href=\"https:\/\/www.gs-oepfershausen.de\/wp-content\/uploads\/2021\/09\/20210901_101219-scaled.jpg\" data-rel=\"lightbox-gallery-wk6MoCBI\" data-rl_title=\"20210901_101219\" data-rl_caption=\"\" title=\"20210901_101219\"><img loading=\"lazy\" decoding=\"async\" width=\"150\" height=\"150\" src=\"https:\/\/www.gs-oepfershausen.de\/wp-content\/uploads\/2021\/09\/20210901_101219-150x150.jpg\" class=\"attachment-thumbnail size-thumbnail\" alt=\"\" \/><\/a>\n\t\t\t<\/dt><\/dl><dl class='gallery-item'>\n\t\t\t<dt class='gallery-icon portrait'>\n\t\t\t\t<a href=\"https:\/\/www.gs-oepfershausen.de\/wp-content\/uploads\/2021\/09\/20210901_101222-scaled.jpg\" data-rel=\"lightbox-gallery-wk6MoCBI\" data-rl_title=\"20210901_101222\" data-rl_caption=\"\" title=\"20210901_101222\"><img loading=\"lazy\" decoding=\"async\" width=\"150\" height=\"150\" src=\"https:\/\/www.gs-oepfershausen.de\/wp-content\/uploads\/2021\/09\/20210901_101222-150x150.jpg\" class=\"attachment-thumbnail size-thumbnail\" alt=\"\" \/><\/a>\n\t\t\t<\/dt><\/dl><br style=\"clear: both\" \/><dl class='gallery-item'>\n\t\t\t<dt class='gallery-icon portrait'>\n\t\t\t\t<a href=\"https:\/\/www.gs-oepfershausen.de\/wp-content\/uploads\/2021\/09\/20210901_101229-scaled.jpg\" data-rel=\"lightbox-gallery-wk6MoCBI\" data-rl_title=\"20210901_101229\" data-rl_caption=\"\" title=\"20210901_101229\"><img loading=\"lazy\" decoding=\"async\" width=\"150\" height=\"150\" src=\"https:\/\/www.gs-oepfershausen.de\/wp-content\/uploads\/2021\/09\/20210901_101229-150x150.jpg\" class=\"attachment-thumbnail size-thumbnail\" alt=\"\" \/><\/a>\n\t\t\t<\/dt><\/dl><dl class='gallery-item'>\n\t\t\t<dt class='gallery-icon portrait'>\n\t\t\t\t<a href=\"https:\/\/www.gs-oepfershausen.de\/wp-content\/uploads\/2021\/09\/20210901_120611-scaled.jpg\" data-rel=\"lightbox-gallery-wk6MoCBI\" data-rl_title=\"20210901_120611\" data-rl_caption=\"\" title=\"20210901_120611\"><img loading=\"lazy\" decoding=\"async\" width=\"150\" height=\"150\" src=\"https:\/\/www.gs-oepfershausen.de\/wp-content\/uploads\/2021\/09\/20210901_120611-150x150.jpg\" class=\"attachment-thumbnail size-thumbnail\" alt=\"\" \/><\/a>\n\t\t\t<\/dt><\/dl><dl class='gallery-item'>\n\t\t\t<dt class='gallery-icon portrait'>\n\t\t\t\t<a href=\"https:\/\/www.gs-oepfershausen.de\/wp-content\/uploads\/2021\/09\/20210902_093809-scaled.jpg\" data-rel=\"lightbox-gallery-wk6MoCBI\" data-rl_title=\"20210902_093809\" data-rl_caption=\"\" title=\"20210902_093809\"><img loading=\"lazy\" decoding=\"async\" width=\"150\" height=\"150\" src=\"https:\/\/www.gs-oepfershausen.de\/wp-content\/uploads\/2021\/09\/20210902_093809-150x150.jpg\" class=\"attachment-thumbnail size-thumbnail\" alt=\"\" \/><\/a>\n\t\t\t<\/dt><\/dl><br style=\"clear: both\" \/>\n\t\t<\/div>\n\n<p>&nbsp;<\/p>\n<hr \/>\n<h3><a href=\"https:\/\/www.gs-oepfershausen.de\/wp-content\/uploads\/2021\/08\/Ferienprogramm-Sommer-2021.pdf\">Ferienprogramm Sommer 2021<\/a><\/h3>\n<p>&nbsp;<\/p>\n<hr \/>\n<p>&nbsp;<\/p>\n<p><span style=\"color: #ffffff;\">.<\/span><\/p>\n<p>Unsere Grundschule ist mit der Grundschule Ro\u00dfdorf in einem Ferienverbund.<\/p>\n<p>In dem Elternbrief, den Sie zu Beginn des Schuljahres erhalten haben, k\u00f6nnen Sie die Information entnehmen, in welchen Ferienwochen an den Grundschulen Oepfershausen und auch Ro\u00dfdorf eine Ferienbetreuung f\u00fcr die angemeldeten Hortkinder stattfindet.<\/p>\n<p>Sollten Sie diesen nicht zur Hand haben, finden Sie ihn auch unter Informationen &#8211; Elternbriefe!<\/p>\n<p>Zeitnah vor den Ferien wird ein Programm mit verschiedenen Aktivit\u00e4ten erstellt und ver\u00f6ffentlicht.<\/p>\n<p>&nbsp;<\/p>\n<hr \/>\n<p>&nbsp;<\/p>\n<p>&nbsp;<\/p>\n<p>Einige Schnappsch\u00fcsse aus den Herbstferien 2020<\/p>\n\n\t\t<style type=\"text\/css\">\n\t\t\t#gallery-2 {\n\t\t\t\tmargin: auto;\n\t\t\t}\n\t\t\t#gallery-2 .gallery-item {\n\t\t\t\tfloat: left;\n\t\t\t\tmargin-top: 10px;\n\t\t\t\ttext-align: center;\n\t\t\t\twidth: 33%;\n\t\t\t}\n\t\t\t#gallery-2 img {\n\t\t\t\tborder: 2px solid #cfcfcf;\n\t\t\t}\n\t\t\t#gallery-2 .gallery-caption {\n\t\t\t\tmargin-left: 0;\n\t\t\t}\n\t\t\t\/* see gallery_shortcode() in wp-includes\/media.php *\/\n\t\t<\/style>\n\t\t<div id='gallery-2' class='gallery galleryid-10673 gallery-columns-3 gallery-size-thumbnail'><dl class='gallery-item'>\n\t\t\t<dt class='gallery-icon portrait'>\n\t\t\t\t<a href=\"https:\/\/www.gs-oepfershausen.de\/wp-content\/uploads\/2020\/11\/1.png\" data-rel=\"lightbox-gallery-wk6MoCBI\" data-rl_title=\"1\" data-rl_caption=\"\" title=\"1\"><img loading=\"lazy\" decoding=\"async\" width=\"150\" height=\"150\" src=\"https:\/\/www.gs-oepfershausen.de\/wp-content\/uploads\/2020\/11\/1-150x150.png\" class=\"attachment-thumbnail size-thumbnail\" alt=\"\" \/><\/a>\n\t\t\t<\/dt><\/dl><dl class='gallery-item'>\n\t\t\t<dt class='gallery-icon portrait'>\n\t\t\t\t<a href=\"https:\/\/www.gs-oepfershausen.de\/wp-content\/uploads\/2020\/11\/IMG-20201019-WA0014.jpg\" data-rel=\"lightbox-gallery-wk6MoCBI\" data-rl_title=\"IMG-20201019-WA0014\" data-rl_caption=\"\" title=\"IMG-20201019-WA0014\"><img loading=\"lazy\" decoding=\"async\" width=\"150\" height=\"150\" src=\"https:\/\/www.gs-oepfershausen.de\/wp-content\/uploads\/2020\/11\/IMG-20201019-WA0014-150x150.jpg\" class=\"attachment-thumbnail size-thumbnail\" alt=\"\" \/><\/a>\n\t\t\t<\/dt><\/dl><dl class='gallery-item'>\n\t\t\t<dt class='gallery-icon portrait'>\n\t\t\t\t<a href=\"https:\/\/www.gs-oepfershausen.de\/wp-content\/uploads\/2020\/11\/IMG-20201019-WA0010.jpg\" data-rel=\"lightbox-gallery-wk6MoCBI\" data-rl_title=\"IMG-20201019-WA0010\" data-rl_caption=\"\" title=\"IMG-20201019-WA0010\"><img loading=\"lazy\" decoding=\"async\" width=\"150\" height=\"150\" src=\"https:\/\/www.gs-oepfershausen.de\/wp-content\/uploads\/2020\/11\/IMG-20201019-WA0010-150x150.jpg\" class=\"attachment-thumbnail size-thumbnail\" alt=\"\" \/><\/a>\n\t\t\t<\/dt><\/dl><br style=\"clear: both\" \/><dl class='gallery-item'>\n\t\t\t<dt class='gallery-icon portrait'>\n\t\t\t\t<a href=\"https:\/\/www.gs-oepfershausen.de\/wp-content\/uploads\/2020\/11\/IMG-20201019-WA0004.jpg\" data-rel=\"lightbox-gallery-wk6MoCBI\" data-rl_title=\"IMG-20201019-WA0004\" data-rl_caption=\"\" title=\"IMG-20201019-WA0004\"><img loading=\"lazy\" decoding=\"async\" width=\"150\" height=\"150\" src=\"https:\/\/www.gs-oepfershausen.de\/wp-content\/uploads\/2020\/11\/IMG-20201019-WA0004-150x150.jpg\" class=\"attachment-thumbnail size-thumbnail\" alt=\"\" \/><\/a>\n\t\t\t<\/dt><\/dl><dl class='gallery-item'>\n\t\t\t<dt class='gallery-icon portrait'>\n\t\t\t\t<a href=\"https:\/\/www.gs-oepfershausen.de\/wp-content\/uploads\/2020\/11\/IMG-20201019-WA0025.jpg\" data-rel=\"lightbox-gallery-wk6MoCBI\" data-rl_title=\"IMG-20201019-WA0025\" data-rl_caption=\"\" title=\"IMG-20201019-WA0025\"><img loading=\"lazy\" decoding=\"async\" width=\"150\" height=\"150\" src=\"https:\/\/www.gs-oepfershausen.de\/wp-content\/uploads\/2020\/11\/IMG-20201019-WA0025-150x150.jpg\" class=\"attachment-thumbnail size-thumbnail\" alt=\"\" \/><\/a>\n\t\t\t<\/dt><\/dl>\n\t\t\t<br style='clear: both' \/>\n\t\t<\/div>\n\n<p>&nbsp;<\/p>\n<p>&nbsp;<\/p>\n<p>&nbsp;<\/p>\n<p>&nbsp;<\/p>\n","protected":false},"excerpt":{"rendered":"<p>Ferienprogramm in der Kunststation Oepfershausen In der Woche vom 30.08.-03.09.2021 nahmen Kinder unserer Schule an den angebotenen Ferienkursen der Kunststation Oepfershausen teil. T\u00e4glich konnten sie sich k\u00fcnstlerisch bet\u00e4tigen und verschiedene Techniken erproben. Die Ergebnisse k\u00f6nnen sich sehen lassen! Es folgen einige Eindr\u00fccke. Ein Klick vergr\u00f6\u00dfert das Bild. &nbsp; Ferienprogramm Sommer 2021 &nbsp; &nbsp; . Unsere [&hellip;]<\/p>\n","protected":false},"author":7,"featured_media":0,"parent":457,"menu_order":40,"comment_status":"closed","ping_status":"closed","template":"","meta":{"footnotes":""},"class_list":["post-10673","page","type-page","status-publish","hentry"],"yoast_head":"<!-- This site is optimized with the Yoast SEO plugin v27.4 - https:\/\/yoast.com\/product\/yoast-seo-wordpress\/ -->\n<title>Ferienhort Schuljahr 2020 \/ 21 - Grundschule Oepfershausen<\/title>\n<meta name=\"robots\" content=\"index, follow, max-snippet:-1, max-image-preview:large, max-video-preview:-1\" \/>\n<link rel=\"canonical\" href=\"https:\/\/www.gs-oepfershausen.de\/?page_id=10673\" \/>\n<meta property=\"og:locale\" content=\"de_DE\" \/>\n<meta property=\"og:type\" content=\"article\" \/>\n<meta property=\"og:title\" content=\"Ferienhort Schuljahr 2020 \/ 21 - Grundschule Oepfershausen\" \/>\n<meta property=\"og:description\" content=\"Ferienprogramm in der Kunststation Oepfershausen In der Woche vom 30.08.-03.09.2021 nahmen Kinder unserer Schule an den angebotenen Ferienkursen der Kunststation Oepfershausen teil. T\u00e4glich konnten sie sich k\u00fcnstlerisch bet\u00e4tigen und verschiedene Techniken erproben. Die Ergebnisse k\u00f6nnen sich sehen lassen! Es folgen einige Eindr\u00fccke. Ein Klick vergr\u00f6\u00dfert das Bild. &nbsp; Ferienprogramm Sommer 2021 &nbsp; &nbsp; . Unsere [&hellip;]\" \/>\n<meta property=\"og:url\" content=\"https:\/\/www.gs-oepfershausen.de\/?page_id=10673\" \/>\n<meta property=\"og:site_name\" content=\"Grundschule Oepfershausen\" \/>\n<meta property=\"article:modified_time\" content=\"2025-02-24T12:08:46+00:00\" \/>\n<meta property=\"og:image\" content=\"https:\/\/www.gs-oepfershausen.de\/wp-content\/uploads\/2021\/09\/20210830_092532-150x150.jpg\" \/>\n<meta name=\"twitter:card\" content=\"summary_large_image\" \/>\n<meta name=\"twitter:label1\" content=\"Gesch\u00e4tzte Lesezeit\" \/>\n\t<meta name=\"twitter:data1\" content=\"1\u00a0Minute\" \/>\n<script type=\"application\/ld+json\" class=\"yoast-schema-graph\">{\"@context\":\"https:\\\/\\\/schema.org\",\"@graph\":[{\"@type\":\"WebPage\",\"@id\":\"https:\\\/\\\/www.gs-oepfershausen.de\\\/?page_id=10673\",\"url\":\"https:\\\/\\\/www.gs-oepfershausen.de\\\/?page_id=10673\",\"name\":\"Ferienhort Schuljahr 2020 \\\/ 21 - Grundschule Oepfershausen\",\"isPartOf\":{\"@id\":\"https:\\\/\\\/www.gs-oepfershausen.de\\\/#website\"},\"datePublished\":\"2025-02-24T12:04:08+00:00\",\"dateModified\":\"2025-02-24T12:08:46+00:00\",\"breadcrumb\":{\"@id\":\"https:\\\/\\\/www.gs-oepfershausen.de\\\/?page_id=10673#breadcrumb\"},\"inLanguage\":\"de\",\"potentialAction\":[{\"@type\":\"ReadAction\",\"target\":[\"https:\\\/\\\/www.gs-oepfershausen.de\\\/?page_id=10673\"]}]},{\"@type\":\"BreadcrumbList\",\"@id\":\"https:\\\/\\\/www.gs-oepfershausen.de\\\/?page_id=10673#breadcrumb\",\"itemListElement\":[{\"@type\":\"ListItem\",\"position\":1,\"name\":\"Home\",\"item\":\"https:\\\/\\\/www.gs-oepfershausen.de\\\/\"},{\"@type\":\"ListItem\",\"position\":2,\"name\":\"Hort (036940) 50112\",\"item\":\"https:\\\/\\\/www.gs-oepfershausen.de\\\/?page_id=9\"},{\"@type\":\"ListItem\",\"position\":3,\"name\":\"Ferienprogramm, Ferienbetreuung aktuelles Schuljahr\",\"item\":\"https:\\\/\\\/www.gs-oepfershausen.de\\\/?page_id=457\"},{\"@type\":\"ListItem\",\"position\":4,\"name\":\"Ferienhort Schuljahr 2020 \\\/ 21\"}]},{\"@type\":\"WebSite\",\"@id\":\"https:\\\/\\\/www.gs-oepfershausen.de\\\/#website\",\"url\":\"https:\\\/\\\/www.gs-oepfershausen.de\\\/\",\"name\":\"Grundschule Oepfershausen\",\"description\":\"\",\"potentialAction\":[{\"@type\":\"SearchAction\",\"target\":{\"@type\":\"EntryPoint\",\"urlTemplate\":\"https:\\\/\\\/www.gs-oepfershausen.de\\\/?s={search_term_string}\"},\"query-input\":{\"@type\":\"PropertyValueSpecification\",\"valueRequired\":true,\"valueName\":\"search_term_string\"}}],\"inLanguage\":\"de\"}]}<\/script>\n<!-- \/ Yoast SEO plugin. -->","yoast_head_json":{"title":"Ferienhort Schuljahr 2020 \/ 21 - Grundschule Oepfershausen","robots":{"index":"index","follow":"follow","max-snippet":"max-snippet:-1","max-image-preview":"max-image-preview:large","max-video-preview":"max-video-preview:-1"},"canonical":"https:\/\/www.gs-oepfershausen.de\/?page_id=10673","og_locale":"de_DE","og_type":"article","og_title":"Ferienhort Schuljahr 2020 \/ 21 - Grundschule Oepfershausen","og_description":"Ferienprogramm in der Kunststation Oepfershausen In der Woche vom 30.08.-03.09.2021 nahmen Kinder unserer Schule an den angebotenen Ferienkursen der Kunststation Oepfershausen teil. T\u00e4glich konnten sie sich k\u00fcnstlerisch bet\u00e4tigen und verschiedene Techniken erproben. Die Ergebnisse k\u00f6nnen sich sehen lassen! Es folgen einige Eindr\u00fccke. Ein Klick vergr\u00f6\u00dfert das Bild. &nbsp; Ferienprogramm Sommer 2021 &nbsp; &nbsp; . Unsere [&hellip;]","og_url":"https:\/\/www.gs-oepfershausen.de\/?page_id=10673","og_site_name":"Grundschule Oepfershausen","article_modified_time":"2025-02-24T12:08:46+00:00","og_image":[{"url":"https:\/\/www.gs-oepfershausen.de\/wp-content\/uploads\/2021\/09\/20210830_092532-150x150.jpg","type":"","width":"","height":""}],"twitter_card":"summary_large_image","twitter_misc":{"Gesch\u00e4tzte Lesezeit":"1\u00a0Minute"},"schema":{"@context":"https:\/\/schema.org","@graph":[{"@type":"WebPage","@id":"https:\/\/www.gs-oepfershausen.de\/?page_id=10673","url":"https:\/\/www.gs-oepfershausen.de\/?page_id=10673","name":"Ferienhort Schuljahr 2020 \/ 21 - Grundschule Oepfershausen","isPartOf":{"@id":"https:\/\/www.gs-oepfershausen.de\/#website"},"datePublished":"2025-02-24T12:04:08+00:00","dateModified":"2025-02-24T12:08:46+00:00","breadcrumb":{"@id":"https:\/\/www.gs-oepfershausen.de\/?page_id=10673#breadcrumb"},"inLanguage":"de","potentialAction":[{"@type":"ReadAction","target":["https:\/\/www.gs-oepfershausen.de\/?page_id=10673"]}]},{"@type":"BreadcrumbList","@id":"https:\/\/www.gs-oepfershausen.de\/?page_id=10673#breadcrumb","itemListElement":[{"@type":"ListItem","position":1,"name":"Home","item":"https:\/\/www.gs-oepfershausen.de\/"},{"@type":"ListItem","position":2,"name":"Hort (036940) 50112","item":"https:\/\/www.gs-oepfershausen.de\/?page_id=9"},{"@type":"ListItem","position":3,"name":"Ferienprogramm, Ferienbetreuung aktuelles Schuljahr","item":"https:\/\/www.gs-oepfershausen.de\/?page_id=457"},{"@type":"ListItem","position":4,"name":"Ferienhort Schuljahr 2020 \/ 21"}]},{"@type":"WebSite","@id":"https:\/\/www.gs-oepfershausen.de\/#website","url":"https:\/\/www.gs-oepfershausen.de\/","name":"Grundschule Oepfershausen","description":"","potentialAction":[{"@type":"SearchAction","target":{"@type":"EntryPoint","urlTemplate":"https:\/\/www.gs-oepfershausen.de\/?s={search_term_string}"},"query-input":{"@type":"PropertyValueSpecification","valueRequired":true,"valueName":"search_term_string"}}],"inLanguage":"de"}]}},"_links":{"self":[{"href":"https:\/\/www.gs-oepfershausen.de\/index.php?rest_route=\/wp\/v2\/pages\/10673","targetHints":{"allow":["GET"]}}],"collection":[{"href":"https:\/\/www.gs-oepfershausen.de\/index.php?rest_route=\/wp\/v2\/pages"}],"about":[{"href":"https:\/\/www.gs-oepfershausen.de\/index.php?rest_route=\/wp\/v2\/types\/page"}],"author":[{"embeddable":true,"href":"https:\/\/www.gs-oepfershausen.de\/index.php?rest_route=\/wp\/v2\/users\/7"}],"replies":[{"embeddable":true,"href":"https:\/\/www.gs-oepfershausen.de\/index.php?rest_route=%2Fwp%2Fv2%2Fcomments&post=10673"}],"version-history":[{"count":2,"href":"https:\/\/www.gs-oepfershausen.de\/index.php?rest_route=\/wp\/v2\/pages\/10673\/revisions"}],"predecessor-version":[{"id":10678,"href":"https:\/\/www.gs-oepfershausen.de\/index.php?rest_route=\/wp\/v2\/pages\/10673\/revisions\/10678"}],"up":[{"embeddable":true,"href":"https:\/\/www.gs-oepfershausen.de\/index.php?rest_route=\/wp\/v2\/pages\/457"}],"wp:attachment":[{"href":"https:\/\/www.gs-oepfershausen.de\/index.php?rest_route=%2Fwp%2Fv2%2Fmedia&parent=10673"}],"curies":[{"name":"wp","href":"https:\/\/api.w.org\/{rel}","templated":true}]}}